{"id":31311,"date":"2025-11-25T16:17:49","date_gmt":"2025-11-25T09:17:49","guid":{"rendered":"https:\/\/redcross.org.vn\/wp-content\/uploads\/2025\/11\/Doan-Tu-thien-Phat-giao-lien-phuong-TP.-Ho-Chi-Minh-ho-tro-nguoi-dan-bi-anh-huong-boi-mua-lu-tao-phuong-Hoa-Xuan-va-xa-Hoa-Tien.jpg"},"modified":"2025-11-25T16:18:03","modified_gmt":"2025-11-25T09:18:03","slug":"doan-tu-thien-phat-giao-lien-phuong-tp-ho-chi-minh-ho-tro-nguoi-dan-bi-anh-huong-boi-mua-lu-tao-phuong-hoa-xuan-va-xa-hoa-tien-2","status":"inherit","type":"attachment","link":"https:\/\/redcross.org.vn\/en\/doan-tu-thien-phat-giao-lien-phuong-tp-ho-chi-minh-ho-tro-nguoi-dan-bi-anh-huong-boi-mua-lu-tao-phuong-hoa-xuan-va-xa-hoa-tien-2","title":{"rendered":"\u0110o\u00e0n T\u1eeb thi\u1ec7n Ph\u1eadt gi\u00e1o li\u00ean ph\u01b0\u1eddng (TP. H\u1ed3 Ch\u00ed Minh) h\u1ed7 tr\u1ee3 ng\u01b0\u1eddi d\u00e2n b\u1ecb \u1ea3nh h\u01b0\u1edfng b\u1edfi m\u01b0a l\u0169 t\u1ea1o ph\u01b0\u1eddng H\u00f2a Xu\u00e2n v\u00e0 x\u00e3 H\u00f2a Ti\u1ebfn."},"author":4,"comment_status":"open","ping_status":"closed","template":"","meta":{"inline_featured_image":false},"acf":[],"description":{"rendered":"<p class=\"attachment\"><a href='https:\/\/redcross.org.vn\/wp-content\/uploads\/2025\/11\/Doan-Tu-thien-Phat-giao-lien-phuong-TP.-Ho-Chi-Minh-ho-tro-nguoi-dan-bi-anh-huong-boi-mua-lu-tao-phuong-Hoa-Xuan-va-xa-Hoa-Tien.jpg'><img decoding=\"async\" width=\"1860\" height=\"1135\" src=\"https:\/\/redcross.org.vn\/wp-content\/uploads\/2025\/11\/Doan-Tu-thien-Phat-giao-lien-phuong-TP.-Ho-Chi-Minh-ho-tro-nguoi-dan-bi-anh-huong-boi-mua-lu-tao-phuong-Hoa-Xuan-va-xa-Hoa-Tien.jpg\" class=\"attachment-medium size-medium\" alt=\"\" \/><\/a><\/p>\n"},"caption":{"rendered":"<p>\u0110o\u00e0n T\u1eeb thi\u1ec7n Ph\u1eadt gi\u00e1o li\u00ean ph\u01b0\u1eddng (TP. H\u1ed3 Ch\u00ed Minh) h\u1ed7 tr\u1ee3 ng\u01b0\u1eddi d\u00e2n b\u1ecb \u1ea3nh h\u01b0\u1edfng b\u1edfi m\u01b0a l\u0169 t\u1ea1o ph\u01b0\u1eddng H\u00f2a Xu\u00e2n v\u00e0 x\u00e3 H\u00f2a Ti\u1ebfn.<\/p>\n"},"alt_text":"","media_type":"image","mime_type":"image\/jpeg","media_details":{"width":1860,"height":1135,"file":"2025\/11\/Doan-Tu-thien-Phat-giao-lien-phuong-TP.-Ho-Chi-Minh-ho-tro-nguoi-dan-bi-anh-huong-boi-mua-lu-tao-phuong-Hoa-Xuan-va-xa-Hoa-Tien.jpg","filesize":621580,"sizes":{"medium_large":{"file":"Doan-Tu-thien-Phat-giao-lien-phuong-TP.-Ho-Chi-Minh-ho-tro-nguoi-dan-bi-anh-huong-boi-mua-lu-tao-phuong-Hoa-Xuan-va-xa-Hoa-Tien-768x469.jpg","width":768,"height":469,"filesize":92542,"mime_type":"image\/jpeg","source_url":"https:\/\/redcross.org.vn\/wp-content\/uploads\/2025\/11\/Doan-Tu-thien-Phat-giao-lien-phuong-TP.-Ho-Chi-Minh-ho-tro-nguoi-dan-bi-anh-huong-boi-mua-lu-tao-phuong-Hoa-Xuan-va-xa-Hoa-Tien-768x469.jpg"},"1536x1536":{"file":"Doan-Tu-thien-Phat-giao-lien-phuong-TP.-Ho-Chi-Minh-ho-tro-nguoi-dan-bi-anh-huong-boi-mua-lu-tao-phuong-Hoa-Xuan-va-xa-Hoa-Tien-1536x937.jpg","width":1536,"height":937,"filesize":297774,"mime_type":"image\/jpeg","source_url":"https:\/\/redcross.org.vn\/wp-content\/uploads\/2025\/11\/Doan-Tu-thien-Phat-giao-lien-phuong-TP.-Ho-Chi-Minh-ho-tro-nguoi-dan-bi-anh-huong-boi-mua-lu-tao-phuong-Hoa-Xuan-va-xa-Hoa-Tien-1536x937.jpg"},"full":{"file":"Doan-Tu-thien-Phat-giao-lien-phuong-TP.-Ho-Chi-Minh-ho-tro-nguoi-dan-bi-anh-huong-boi-mua-lu-tao-phuong-Hoa-Xuan-va-xa-Hoa-Tien.jpg","width":1860,"height":1135,"mime_type":"image\/jpeg","source_url":"https:\/\/redcross.org.vn\/wp-content\/uploads\/2025\/11\/Doan-Tu-thien-Phat-giao-lien-phuong-TP.-Ho-Chi-Minh-ho-tro-nguoi-dan-bi-anh-huong-boi-mua-lu-tao-phuong-Hoa-Xuan-va-xa-Hoa-Tien.jpg"}},"image_meta":{"aperture":"0","credit":"","camera":"","caption":"","created_timestamp":"0","copyright":"","focal_length":"0","iso":"0","shutter_speed":"0","title":"","orientation":"0","keywords":[]}},"post":null,"source_url":"https:\/\/redcross.org.vn\/wp-content\/uploads\/2025\/11\/Doan-Tu-thien-Phat-giao-lien-phuong-TP.-Ho-Chi-Minh-ho-tro-nguoi-dan-bi-anh-huong-boi-mua-lu-tao-phuong-Hoa-Xuan-va-xa-Hoa-Tien.jpg","_links":{"self":[{"href":"https:\/\/redcross.org.vn\/en\/wp-json\/wp\/v2\/media\/31311"}],"collection":[{"href":"https:\/\/redcross.org.vn\/en\/wp-json\/wp\/v2\/media"}],"about":[{"href":"https:\/\/redcross.org.vn\/en\/wp-json\/wp\/v2\/types\/attachment"}],"author":[{"embeddable":true,"href":"https:\/\/redcross.org.vn\/en\/wp-json\/wp\/v2\/users\/4"}],"replies":[{"embeddable":true,"href":"https:\/\/redcross.org.vn\/en\/wp-json\/wp\/v2\/comments?post=31311"}]}}

Đoàn Từ thiện Phật giáo liên phường (TP. Hồ Chí Minh) hỗ trợ người dân bị ảnh hưởng bởi mưa lũ tạo phường Hòa Xuân và xã Hòa Tiến.

<p>Đoàn Từ thiện Phật giáo liên phường (TP. Hồ Chí Minh) hỗ trợ người dân bị ảnh hưởng bởi mưa lũ tạo phường Hòa Xuân và xã Hòa Tiến.</p>
