{"id":31305,"date":"2025-11-25T16:13:18","date_gmt":"2025-11-25T09:13:18","guid":{"rendered":"https:\/\/redcross.org.vn\/wp-content\/uploads\/2025\/11\/ThaiNguyenBacNinh_9.jpg"},"modified":"2025-11-25T16:14:44","modified_gmt":"2025-11-25T09:14:44","slug":"thainguyenbacninh_9-2","status":"inherit","type":"attachment","link":"https:\/\/redcross.org.vn\/en\/thainguyenbacninh_9-2","title":{"rendered":"ThaiNguyenBacNinh_9"},"author":4,"comment_status":"open","ping_status":"closed","template":"","meta":{"inline_featured_image":false},"acf":[],"description":{"rendered":"<p class=\"attachment\"><a href='https:\/\/redcross.org.vn\/wp-content\/uploads\/2025\/11\/ThaiNguyenBacNinh_9.jpg'><img decoding=\"async\" width=\"1323\" height=\"759\" src=\"https:\/\/redcross.org.vn\/wp-content\/uploads\/2025\/11\/ThaiNguyenBacNinh_9.jpg\" class=\"attachment-medium size-medium\" alt=\"\" \/><\/a><\/p>\n"},"caption":{"rendered":"<p>\u0110o\u00e0n c\u00f4ng t\u00e1c trao qu\u00e0 \u0111\u1ebfn c\u00e1c h\u1ed9 d\u00e2n t\u1ea1i x\u00e3 Y\u00ean Th\u1ebf, t\u1ec9nh B\u1eafc Ninh.<\/p>\n"},"alt_text":"","media_type":"image","mime_type":"image\/jpeg","media_details":{"width":1323,"height":759,"file":"2025\/11\/ThaiNguyenBacNinh_9.jpg","filesize":311283,"sizes":{"medium_large":{"file":"ThaiNguyenBacNinh_9-768x441.jpg","width":768,"height":441,"filesize":90392,"mime_type":"image\/jpeg","source_url":"https:\/\/redcross.org.vn\/wp-content\/uploads\/2025\/11\/ThaiNguyenBacNinh_9-768x441.jpg"},"full":{"file":"ThaiNguyenBacNinh_9.jpg","width":1323,"height":759,"mime_type":"image\/jpeg","source_url":"https:\/\/redcross.org.vn\/wp-content\/uploads\/2025\/11\/ThaiNguyenBacNinh_9.jpg"}},"image_meta":{"aperture":"0","credit":"","camera":"","caption":"","created_timestamp":"1763996133","copyright":"","focal_length":"0","iso":"0","shutter_speed":"0","title":"","orientation":"0","keywords":[]}},"post":null,"source_url":"https:\/\/redcross.org.vn\/wp-content\/uploads\/2025\/11\/ThaiNguyenBacNinh_9.jpg","_links":{"self":[{"href":"https:\/\/redcross.org.vn\/en\/wp-json\/wp\/v2\/media\/31305"}],"collection":[{"href":"https:\/\/redcross.org.vn\/en\/wp-json\/wp\/v2\/media"}],"about":[{"href":"https:\/\/redcross.org.vn\/en\/wp-json\/wp\/v2\/types\/attachment"}],"author":[{"embeddable":true,"href":"https:\/\/redcross.org.vn\/en\/wp-json\/wp\/v2\/users\/4"}],"replies":[{"embeddable":true,"href":"https:\/\/redcross.org.vn\/en\/wp-json\/wp\/v2\/comments?post=31305"}]}}

<p>Đoàn công tác trao quà đến các hộ dân tại xã Yên Thế, tỉnh Bắc Ninh.</p>
