{"id":29552,"date":"2025-08-25T09:04:06","date_gmt":"2025-08-25T02:04:06","guid":{"rendered":"https:\/\/www.redcross.org.vn\/wp-content\/uploads\/2025\/08\/image-1.jpg"},"modified":"2025-08-25T09:05:03","modified_gmt":"2025-08-25T02:05:03","slug":"image-1-2-2","status":"inherit","type":"attachment","link":"https:\/\/redcross.org.vn\/en\/image-1-2-2","title":{"rendered":"image (1)"},"author":4,"comment_status":"open","ping_status":"closed","template":"","meta":{"inline_featured_image":false},"acf":[],"description":{"rendered":"<p class=\"attachment\"><a href='https:\/\/redcross.org.vn\/wp-content\/uploads\/2025\/08\/image-1.jpg'><img decoding=\"async\" width=\"770\" height=\"433\" src=\"https:\/\/redcross.org.vn\/wp-content\/uploads\/2025\/08\/image-1.jpg\" class=\"attachment-medium size-medium\" alt=\"\" \/><\/a><\/p>\n"},"caption":{"rendered":"<p>B\u00e0 L. tr\u00fa t\u1ea1i H\u00e0 \u0110\u00f4ng (H\u00e0 N\u1ed9i) \u0111\u01b0\u1ee3c s\u01a1 c\u1ea5p c\u1ee9u ban \u0111\u1ea7u k\u1ecbp th\u1eddi t\u1ea1i ga V\u0103n Qu\u00e1n, H\u00e0 N\u1ed9i chi\u1ec1u 24\/8\/2025.<\/p>\n"},"alt_text":"","media_type":"image","mime_type":"image\/jpeg","media_details":{"width":770,"height":433,"file":"2025\/08\/image-1.jpg","filesize":111308,"sizes":{"medium_large":{"file":"image-1-768x432.jpg","width":768,"height":432,"filesize":73824,"mime_type":"image\/jpeg","source_url":"https:\/\/redcross.org.vn\/wp-content\/uploads\/2025\/08\/image-1-768x432.jpg"},"full":{"file":"image-1.jpg","width":770,"height":433,"mime_type":"image\/jpeg","source_url":"https:\/\/redcross.org.vn\/wp-content\/uploads\/2025\/08\/image-1.jpg"}},"image_meta":{"aperture":"0","credit":"","camera":"","caption":"","created_timestamp":"0","copyright":"","focal_length":"0","iso":"0","shutter_speed":"0","title":"","orientation":"1","keywords":[]}},"post":null,"source_url":"https:\/\/redcross.org.vn\/wp-content\/uploads\/2025\/08\/image-1.jpg","_links":{"self":[{"href":"https:\/\/redcross.org.vn\/en\/wp-json\/wp\/v2\/media\/29552"}],"collection":[{"href":"https:\/\/redcross.org.vn\/en\/wp-json\/wp\/v2\/media"}],"about":[{"href":"https:\/\/redcross.org.vn\/en\/wp-json\/wp\/v2\/types\/attachment"}],"author":[{"embeddable":true,"href":"https:\/\/redcross.org.vn\/en\/wp-json\/wp\/v2\/users\/4"}],"replies":[{"embeddable":true,"href":"https:\/\/redcross.org.vn\/en\/wp-json\/wp\/v2\/comments?post=29552"}]}}

<p>Bà L. trú tại Hà Đông (Hà Nội) được sơ cấp cứu ban đầu kịp thời tại ga Văn Quán, Hà Nội chiều 24/8/2025.</p>
