{"id":29468,"date":"2025-08-17T13:08:13","date_gmt":"2025-08-17T06:08:13","guid":{"rendered":"https:\/\/www.redcross.org.vn\/wp-content\/uploads\/2025\/08\/tai-xuong-4-1755258749876369313298.webp"},"modified":"2025-08-17T13:08:35","modified_gmt":"2025-08-17T06:08:35","slug":"tai-xuong-4-1755258749876369313298-2","status":"inherit","type":"attachment","link":"https:\/\/redcross.org.vn\/en\/tai-xuong-4-1755258749876369313298-2","title":{"rendered":"tai-xuong-4-1755258749876369313298"},"author":4,"comment_status":"open","ping_status":"closed","template":"","meta":{"inline_featured_image":false},"acf":[],"description":{"rendered":"<p class=\"attachment\"><a href='https:\/\/redcross.org.vn\/wp-content\/uploads\/2025\/08\/tai-xuong-4-1755258749876369313298.webp'><img decoding=\"async\" width=\"698\" height=\"424\" src=\"https:\/\/redcross.org.vn\/wp-content\/uploads\/2025\/08\/tai-xuong-4-1755258749876369313298.webp\" class=\"attachment-medium size-medium\" alt=\"\" \/><\/a><\/p>\n"},"caption":{"rendered":"<p>C\u00e1c \u0111\u1ea1i bi\u1ec3u nh\u1ea5n n\u00fat ph\u00e1t \u0111\u1ed9ng ch\u01b0\u01a1ng tr\u00ecnh v\u1eadn \u0111\u1ed9ng \u1ee7ng h\u1ed9 nh\u00e2n d\u00e2n Cuba v\u1edbi ch\u1ee7 \u0111\u1ec1 &#8220;65 n\u0103m ngh\u0129a t\u00ecnh Vi\u1ec7t Nam &#8211; Cuba&#8221;. \u1ea2nh: Minh Hi\u1ec3n<\/p>\n"},"alt_text":"","media_type":"image","mime_type":"image\/webp","media_details":{"width":698,"height":424,"file":"2025\/08\/tai-xuong-4-1755258749876369313298.webp","filesize":70206,"sizes":{},"image_meta":{"aperture":"0","credit":"","camera":"","caption":"","created_timestamp":"0","copyright":"","focal_length":"0","iso":"0","shutter_speed":"0","title":"","orientation":"0","keywords":[]}},"post":null,"source_url":"https:\/\/redcross.org.vn\/wp-content\/uploads\/2025\/08\/tai-xuong-4-1755258749876369313298.webp","_links":{"self":[{"href":"https:\/\/redcross.org.vn\/en\/wp-json\/wp\/v2\/media\/29468"}],"collection":[{"href":"https:\/\/redcross.org.vn\/en\/wp-json\/wp\/v2\/media"}],"about":[{"href":"https:\/\/redcross.org.vn\/en\/wp-json\/wp\/v2\/types\/attachment"}],"author":[{"embeddable":true,"href":"https:\/\/redcross.org.vn\/en\/wp-json\/wp\/v2\/users\/4"}],"replies":[{"embeddable":true,"href":"https:\/\/redcross.org.vn\/en\/wp-json\/wp\/v2\/comments?post=29468"}]}}

<p>Các đại biểu nhấn nút phát động chương trình vận động ủng hộ nhân dân Cuba với chủ đề &#8220;65 năm nghĩa tình Việt Nam &#8211; Cuba&#8221;. Ảnh: Minh Hiển</p>
