{"id":29458,"date":"2025-08-17T12:59:21","date_gmt":"2025-08-17T05:59:21","guid":{"rendered":"https:\/\/www.redcross.org.vn\/wp-content\/uploads\/2025\/08\/291120161609.webp"},"modified":"2025-08-17T13:00:49","modified_gmt":"2025-08-17T06:00:49","slug":"291120161609-2","status":"inherit","type":"attachment","link":"https:\/\/redcross.org.vn\/en\/291120161609-2","title":{"rendered":"291120161609"},"author":4,"comment_status":"open","ping_status":"closed","template":"","meta":{"inline_featured_image":false},"acf":[],"description":{"rendered":"<p class=\"attachment\"><a href='https:\/\/redcross.org.vn\/wp-content\/uploads\/2025\/08\/291120161609.webp'><img decoding=\"async\" width=\"650\" height=\"432\" src=\"https:\/\/redcross.org.vn\/wp-content\/uploads\/2025\/08\/291120161609.webp\" class=\"attachment-medium size-medium\" alt=\"\" \/><\/a><\/p>\n"},"caption":{"rendered":"<p>\u00d4ng Fidel Castro \u0111\u00f3n Th\u1ee7 t\u01b0\u1edbng V\u00f5 V\u0103n Ki\u1ec7t t\u1ea1i La Habana (10\/7\/1993). \u1ea2nh: TTXVN<\/p>\n"},"alt_text":"","media_type":"image","mime_type":"image\/webp","media_details":{"width":650,"height":432,"file":"2025\/08\/291120161609.webp","filesize":99012,"sizes":{},"image_meta":{"aperture":"0","credit":"","camera":"","caption":"","created_timestamp":"0","copyright":"","focal_length":"0","iso":"0","shutter_speed":"0","title":"","orientation":"0","keywords":[]}},"post":null,"source_url":"https:\/\/redcross.org.vn\/wp-content\/uploads\/2025\/08\/291120161609.webp","_links":{"self":[{"href":"https:\/\/redcross.org.vn\/en\/wp-json\/wp\/v2\/media\/29458"}],"collection":[{"href":"https:\/\/redcross.org.vn\/en\/wp-json\/wp\/v2\/media"}],"about":[{"href":"https:\/\/redcross.org.vn\/en\/wp-json\/wp\/v2\/types\/attachment"}],"author":[{"embeddable":true,"href":"https:\/\/redcross.org.vn\/en\/wp-json\/wp\/v2\/users\/4"}],"replies":[{"embeddable":true,"href":"https:\/\/redcross.org.vn\/en\/wp-json\/wp\/v2\/comments?post=29458"}]}}

<p>Ông Fidel Castro đón Thủ tướng Võ Văn Kiệt tại La Habana (10/7/1993). Ảnh: TTXVN</p>
