{"id":29456,"date":"2025-08-17T12:59:18","date_gmt":"2025-08-17T05:59:18","guid":{"rendered":"https:\/\/www.redcross.org.vn\/wp-content\/uploads\/2025\/08\/6206-1755245012.webp"},"modified":"2025-08-17T13:00:12","modified_gmt":"2025-08-17T06:00:12","slug":"6206-1755245012-2","status":"inherit","type":"attachment","link":"https:\/\/redcross.org.vn\/en\/6206-1755245012-2","title":{"rendered":"6206-1755245012"},"author":4,"comment_status":"open","ping_status":"closed","template":"","meta":{"inline_featured_image":false},"acf":[],"description":{"rendered":"<p class=\"attachment\"><a href='https:\/\/redcross.org.vn\/wp-content\/uploads\/2025\/08\/6206-1755245012.webp'><img decoding=\"async\" width=\"1020\" height=\"680\" src=\"https:\/\/redcross.org.vn\/wp-content\/uploads\/2025\/08\/6206-1755245012.webp\" class=\"attachment-medium size-medium\" alt=\"\" \/><\/a><\/p>\n"},"caption":{"rendered":"<p>L\u1ec5 ph\u00e1t \u0111\u1ed9ng ch\u01b0\u01a1ng tr\u00ecnh v\u1eadn \u0111\u1ed9ng \u1ee7ng h\u1ed9 nh\u00e2n d\u00e2n Cuba, ng\u00e0y 13\/8. \u1ea2nh: VGP<\/p>\n"},"alt_text":"","media_type":"image","mime_type":"image\/webp","media_details":{"width":1020,"height":680,"file":"2025\/08\/6206-1755245012.webp","filesize":200612,"sizes":{"medium_large":{"file":"6206-1755245012-768x512.webp","width":768,"height":512,"filesize":69852,"mime_type":"image\/webp","source_url":"https:\/\/redcross.org.vn\/wp-content\/uploads\/2025\/08\/6206-1755245012-768x512.webp"},"full":{"file":"6206-1755245012.webp","width":1020,"height":680,"mime_type":"image\/webp","source_url":"https:\/\/redcross.org.vn\/wp-content\/uploads\/2025\/08\/6206-1755245012.webp"}},"image_meta":{"aperture":"0","credit":"","camera":"","caption":"","created_timestamp":"0","copyright":"","focal_length":"0","iso":"0","shutter_speed":"0","title":"","orientation":"0","keywords":[]}},"post":null,"source_url":"https:\/\/redcross.org.vn\/wp-content\/uploads\/2025\/08\/6206-1755245012.webp","_links":{"self":[{"href":"https:\/\/redcross.org.vn\/en\/wp-json\/wp\/v2\/media\/29456"}],"collection":[{"href":"https:\/\/redcross.org.vn\/en\/wp-json\/wp\/v2\/media"}],"about":[{"href":"https:\/\/redcross.org.vn\/en\/wp-json\/wp\/v2\/types\/attachment"}],"author":[{"embeddable":true,"href":"https:\/\/redcross.org.vn\/en\/wp-json\/wp\/v2\/users\/4"}],"replies":[{"embeddable":true,"href":"https:\/\/redcross.org.vn\/en\/wp-json\/wp\/v2\/comments?post=29456"}]}}

<p>Lễ phát động chương trình vận động ủng hộ nhân dân Cuba, ngày 13/8. Ảnh: VGP</p>
