{"id":29387,"date":"2025-08-13T15:40:23","date_gmt":"2025-08-13T08:40:23","guid":{"rendered":"https:\/\/www.redcross.org.vn\/wp-content\/uploads\/2025\/08\/1.-9026155912.jpg"},"modified":"2025-08-13T15:47:26","modified_gmt":"2025-08-13T08:47:26","slug":"1-9026155912-2","status":"inherit","type":"attachment","link":"https:\/\/redcross.org.vn\/en\/1-9026155912-2","title":{"rendered":"1. 9026155912"},"author":4,"comment_status":"open","ping_status":"closed","template":"","meta":{"inline_featured_image":false},"acf":[],"description":{"rendered":"<p class=\"attachment\"><a href='https:\/\/redcross.org.vn\/wp-content\/uploads\/2025\/08\/1.-9026155912.jpg'><img decoding=\"async\" width=\"1644\" height=\"1139\" src=\"https:\/\/redcross.org.vn\/wp-content\/uploads\/2025\/08\/1.-9026155912.jpg\" class=\"attachment-medium size-medium\" alt=\"\" \/><\/a><\/p>\n"},"caption":{"rendered":"<p>C\u00e1c \u0111\u1ea1i bi\u1ec3u ph\u00e1t \u0111\u1ed9ng Ch\u01b0\u01a1ng tr\u00ecnh v\u1eadn \u0111\u1ed9ng c\u1ea5p qu\u1ed1c gia Ch\u01b0\u01a1ng tr\u00ecnh \u1ee7ng h\u1ed9 &#8220;65 n\u0103m ngh\u0129a t\u00ecnh Vi\u1ec7t Nam &#8211; Cuba&#8221;.<\/p>\n"},"alt_text":"","media_type":"image","mime_type":"image\/jpeg","media_details":{"width":1644,"height":1139,"file":"2025\/08\/1.-9026155912.jpg","filesize":349692,"sizes":{"medium_large":{"file":"1.-9026155912-768x532.jpg","width":768,"height":532,"filesize":67727,"mime_type":"image\/jpeg","source_url":"https:\/\/redcross.org.vn\/wp-content\/uploads\/2025\/08\/1.-9026155912-768x532.jpg"},"1536x1536":{"file":"1.-9026155912-1536x1064.jpg","width":1536,"height":1064,"filesize":201626,"mime_type":"image\/jpeg","source_url":"https:\/\/redcross.org.vn\/wp-content\/uploads\/2025\/08\/1.-9026155912-1536x1064.jpg"},"full":{"file":"1.-9026155912.jpg","width":1644,"height":1139,"mime_type":"image\/jpeg","source_url":"https:\/\/redcross.org.vn\/wp-content\/uploads\/2025\/08\/1.-9026155912.jpg"}},"image_meta":{"aperture":"0","credit":"","camera":"","caption":"","created_timestamp":"0","copyright":"","focal_length":"0","iso":"0","shutter_speed":"0","title":"","orientation":"0","keywords":[]}},"post":null,"source_url":"https:\/\/redcross.org.vn\/wp-content\/uploads\/2025\/08\/1.-9026155912.jpg","_links":{"self":[{"href":"https:\/\/redcross.org.vn\/en\/wp-json\/wp\/v2\/media\/29387"}],"collection":[{"href":"https:\/\/redcross.org.vn\/en\/wp-json\/wp\/v2\/media"}],"about":[{"href":"https:\/\/redcross.org.vn\/en\/wp-json\/wp\/v2\/types\/attachment"}],"author":[{"embeddable":true,"href":"https:\/\/redcross.org.vn\/en\/wp-json\/wp\/v2\/users\/4"}],"replies":[{"embeddable":true,"href":"https:\/\/redcross.org.vn\/en\/wp-json\/wp\/v2\/comments?post=29387"}]}}

<p>Các đại biểu phát động Chương trình vận động cấp quốc gia Chương trình ủng hộ &#8220;65 năm nghĩa tình Việt Nam &#8211; Cuba&#8221;.</p>
