{"id":29251,"date":"2025-07-29T22:10:09","date_gmt":"2025-07-29T15:10:09","guid":{"rendered":"https:\/\/www.redcross.org.vn\/wp-content\/uploads\/2025\/07\/gen-h-33f78eec1e0.jpg"},"modified":"2025-07-29T22:13:09","modified_gmt":"2025-07-29T15:13:09","slug":"gen-h-33f78eec1e0-2","status":"inherit","type":"attachment","link":"https:\/\/redcross.org.vn\/en\/gen-h-33f78eec1e0-2","title":{"rendered":"gen-h-33f78eec1e0"},"author":4,"comment_status":"open","ping_status":"closed","template":"","meta":{"inline_featured_image":false},"acf":[],"description":{"rendered":"<p class=\"attachment\"><a href='https:\/\/redcross.org.vn\/wp-content\/uploads\/2025\/07\/gen-h-33f78eec1e0.jpg'><img decoding=\"async\" width=\"2416\" height=\"1372\" src=\"https:\/\/redcross.org.vn\/wp-content\/uploads\/2025\/07\/gen-h-33f78eec1e0.jpg\" class=\"attachment-medium size-medium\" alt=\"\" \/><\/a><\/p>\n"},"caption":{"rendered":"<p>Trao t\u1eb7ng 20 ph\u1ea7n qu\u00e0 cho ng\u01b0\u1eddi thu gom r\u00e1c kh\u00f4ng ch\u00ednh th\u1ee9c.<\/p>\n"},"alt_text":"","media_type":"image","mime_type":"image\/jpeg","media_details":{"width":2416,"height":1372,"file":"2025\/07\/gen-h-33f78eec1e0.jpg","filesize":910289,"sizes":{"medium_large":{"file":"gen-h-33f78eec1e0-768x436.jpg","width":768,"height":436,"filesize":79729,"mime_type":"image\/jpeg","source_url":"https:\/\/redcross.org.vn\/wp-content\/uploads\/2025\/07\/gen-h-33f78eec1e0-768x436.jpg"},"1536x1536":{"file":"gen-h-33f78eec1e0-1536x872.jpg","width":1536,"height":872,"filesize":238249,"mime_type":"image\/jpeg","source_url":"https:\/\/redcross.org.vn\/wp-content\/uploads\/2025\/07\/gen-h-33f78eec1e0-1536x872.jpg"},"2048x2048":{"file":"gen-h-33f78eec1e0-2048x1163.jpg","width":2048,"height":1163,"filesize":365993,"mime_type":"image\/jpeg","source_url":"https:\/\/redcross.org.vn\/wp-content\/uploads\/2025\/07\/gen-h-33f78eec1e0-2048x1163.jpg"},"full":{"file":"gen-h-33f78eec1e0.jpg","width":2416,"height":1372,"mime_type":"image\/jpeg","source_url":"https:\/\/redcross.org.vn\/wp-content\/uploads\/2025\/07\/gen-h-33f78eec1e0.jpg"}},"image_meta":{"aperture":"0","credit":"","camera":"","caption":"","created_timestamp":"0","copyright":"","focal_length":"0","iso":"0","shutter_speed":"0","title":"","orientation":"1","keywords":[]}},"post":null,"source_url":"https:\/\/redcross.org.vn\/wp-content\/uploads\/2025\/07\/gen-h-33f78eec1e0.jpg","_links":{"self":[{"href":"https:\/\/redcross.org.vn\/en\/wp-json\/wp\/v2\/media\/29251"}],"collection":[{"href":"https:\/\/redcross.org.vn\/en\/wp-json\/wp\/v2\/media"}],"about":[{"href":"https:\/\/redcross.org.vn\/en\/wp-json\/wp\/v2\/types\/attachment"}],"author":[{"embeddable":true,"href":"https:\/\/redcross.org.vn\/en\/wp-json\/wp\/v2\/users\/4"}],"replies":[{"embeddable":true,"href":"https:\/\/redcross.org.vn\/en\/wp-json\/wp\/v2\/comments?post=29251"}]}}

<p>Trao tặng 20 phần quà cho người thu gom rác không chính thức.</p>
