{"id":29216,"date":"2025-07-24T14:41:33","date_gmt":"2025-07-24T07:41:33","guid":{"rendered":"https:\/\/www.redcross.org.vn\/wp-content\/uploads\/2025\/07\/522509625.jpg"},"modified":"2025-07-24T14:42:23","modified_gmt":"2025-07-24T07:42:23","slug":"522509625-2","status":"inherit","type":"attachment","link":"https:\/\/redcross.org.vn\/en\/522509625-2","title":{"rendered":"522509625"},"author":4,"comment_status":"open","ping_status":"closed","template":"","meta":{"inline_featured_image":false},"acf":[],"description":{"rendered":"<p class=\"attachment\"><a href='https:\/\/redcross.org.vn\/wp-content\/uploads\/2025\/07\/522509625.jpg'><img decoding=\"async\" width=\"960\" height=\"720\" src=\"https:\/\/redcross.org.vn\/wp-content\/uploads\/2025\/07\/522509625.jpg\" class=\"attachment-medium size-medium\" alt=\"\" \/><\/a><\/p>\n"},"caption":{"rendered":"<p>C\u00e1n b\u1ed9, t\u00ecnh nguy\u1ec7n vi\u00ean H\u1ed9i Ch\u1eef th\u1eadp \u0111\u1ecf Ngh\u1ec7 An chu\u1ea9n b\u1ecb nhu y\u1ebfu ph\u1ea9m h\u1ed7 tr\u1ee3 b\u00e0 con v\u00f9ng l\u0169.<\/p>\n"},"alt_text":"","media_type":"image","mime_type":"image\/jpeg","media_details":{"width":960,"height":720,"file":"2025\/07\/522509625.jpg","filesize":94403,"sizes":{"medium_large":{"file":"522509625-768x576.jpg","width":768,"height":576,"filesize":90761,"mime_type":"image\/jpeg","source_url":"https:\/\/redcross.org.vn\/wp-content\/uploads\/2025\/07\/522509625-768x576.jpg"},"full":{"file":"522509625.jpg","width":960,"height":720,"mime_type":"image\/jpeg","source_url":"https:\/\/redcross.org.vn\/wp-content\/uploads\/2025\/07\/522509625.jpg"}},"image_meta":{"aperture":"0","credit":"","camera":"","caption":"","created_timestamp":"0","copyright":"","focal_length":"0","iso":"0","shutter_speed":"0","title":"","orientation":"0","keywords":[]}},"post":null,"source_url":"https:\/\/redcross.org.vn\/wp-content\/uploads\/2025\/07\/522509625.jpg","_links":{"self":[{"href":"https:\/\/redcross.org.vn\/en\/wp-json\/wp\/v2\/media\/29216"}],"collection":[{"href":"https:\/\/redcross.org.vn\/en\/wp-json\/wp\/v2\/media"}],"about":[{"href":"https:\/\/redcross.org.vn\/en\/wp-json\/wp\/v2\/types\/attachment"}],"author":[{"embeddable":true,"href":"https:\/\/redcross.org.vn\/en\/wp-json\/wp\/v2\/users\/4"}],"replies":[{"embeddable":true,"href":"https:\/\/redcross.org.vn\/en\/wp-json\/wp\/v2\/comments?post=29216"}]}}

<p>Cán bộ, tình nguyện viên Hội Chữ thập đỏ Nghệ An chuẩn bị nhu yếu phẩm hỗ trợ bà con vùng lũ.</p>
