{"id":29180,"date":"2025-07-21T17:40:56","date_gmt":"2025-07-21T10:40:56","guid":{"rendered":"https:\/\/www.redcross.org.vn\/wp-content\/uploads\/2025\/07\/9992be631af.jpg"},"modified":"2025-07-21T17:42:10","modified_gmt":"2025-07-21T10:42:10","slug":"9992be631af-2","status":"inherit","type":"attachment","link":"https:\/\/redcross.org.vn\/en\/9992be631af-2","title":{"rendered":"9992be631af"},"author":4,"comment_status":"open","ping_status":"closed","template":"","meta":{"inline_featured_image":false},"acf":[],"description":{"rendered":"<p class=\"attachment\"><a href='https:\/\/redcross.org.vn\/wp-content\/uploads\/2025\/07\/9992be631af.jpg'><img decoding=\"async\" width=\"1235\" height=\"886\" src=\"https:\/\/redcross.org.vn\/wp-content\/uploads\/2025\/07\/9992be631af.jpg\" class=\"attachment-medium size-medium\" alt=\"\" \/><\/a><\/p>\n"},"caption":{"rendered":"<p>\u00d4ng Tr\u1ea7n S\u0129 Pha, Tr\u01b0\u1edfng Ban C\u00f4ng t\u00e1c x\u00e3 h\u1ed9i &#8211; Qu\u1ea3n l\u00fd th\u1ea3m h\u1ecda ch\u1ee7 tr\u00ec cu\u1ed9c h\u1ecdp v\u1edbi \u0111\u1ed9i NDRT <\/p>\n"},"alt_text":"","media_type":"image","mime_type":"image\/jpeg","media_details":{"width":1235,"height":886,"file":"2025\/07\/9992be631af.jpg","filesize":251249,"sizes":{"medium_large":{"file":"9992be631af-768x551.jpg","width":768,"height":551,"filesize":70708,"mime_type":"image\/jpeg","source_url":"https:\/\/redcross.org.vn\/wp-content\/uploads\/2025\/07\/9992be631af-768x551.jpg"},"full":{"file":"9992be631af.jpg","width":1235,"height":886,"mime_type":"image\/jpeg","source_url":"https:\/\/redcross.org.vn\/wp-content\/uploads\/2025\/07\/9992be631af.jpg"}},"image_meta":{"aperture":"0","credit":"","camera":"","caption":"","created_timestamp":"0","copyright":"","focal_length":"0","iso":"0","shutter_speed":"0","title":"","orientation":"0","keywords":[]}},"post":null,"source_url":"https:\/\/redcross.org.vn\/wp-content\/uploads\/2025\/07\/9992be631af.jpg","_links":{"self":[{"href":"https:\/\/redcross.org.vn\/en\/wp-json\/wp\/v2\/media\/29180"}],"collection":[{"href":"https:\/\/redcross.org.vn\/en\/wp-json\/wp\/v2\/media"}],"about":[{"href":"https:\/\/redcross.org.vn\/en\/wp-json\/wp\/v2\/types\/attachment"}],"author":[{"embeddable":true,"href":"https:\/\/redcross.org.vn\/en\/wp-json\/wp\/v2\/users\/4"}],"replies":[{"embeddable":true,"href":"https:\/\/redcross.org.vn\/en\/wp-json\/wp\/v2\/comments?post=29180"}]}}

<p>Ông Trần Sĩ Pha, Trưởng Ban Công tác xã hội &#8211; Quản lý thảm họa chủ trì cuộc họp với đội NDRT </p>
