{"id":28201,"date":"2025-03-24T09:43:20","date_gmt":"2025-03-24T02:43:20","guid":{"rendered":"https:\/\/www.redcross.org.vn\/wp-content\/uploads\/2025\/03\/Trao-qua-cho-gia-dinh-ba-Nguyen-Thi-Van-1.jpg"},"modified":"2025-03-24T09:44:42","modified_gmt":"2025-03-24T02:44:42","slug":"trao-qua-cho-gia-dinh-ba-nguyen-thi-van-1-2","status":"inherit","type":"attachment","link":"https:\/\/redcross.org.vn\/en\/trao-qua-cho-gia-dinh-ba-nguyen-thi-van-1-2","title":{"rendered":"Trao qu\u00e0 cho gia \u0111\u00ecnh b\u00e0 Nguy\u1ec5n Th\u1ecb V\u00e2n 1"},"author":4,"comment_status":"open","ping_status":"closed","template":"","meta":{"inline_featured_image":false},"acf":[],"description":{"rendered":"<p class=\"attachment\"><a href='https:\/\/redcross.org.vn\/wp-content\/uploads\/2025\/03\/Trao-qua-cho-gia-dinh-ba-Nguyen-Thi-Van-1.jpg'><img decoding=\"async\" width=\"1872\" height=\"1122\" src=\"https:\/\/redcross.org.vn\/wp-content\/uploads\/2025\/03\/Trao-qua-cho-gia-dinh-ba-Nguyen-Thi-Van-1.jpg\" class=\"attachment-medium size-medium\" alt=\"\" \/><\/a><\/p>\n"},"caption":{"rendered":"<p>Trao qu\u00e0 cho gia \u0111\u00ecnh b\u00e0 Nguy\u1ec5n Th\u1ecb V\u00e2n.<\/p>\n"},"alt_text":"","media_type":"image","mime_type":"image\/jpeg","media_details":{"width":1872,"height":1122,"file":"2025\/03\/Trao-qua-cho-gia-dinh-ba-Nguyen-Thi-Van-1.jpg","filesize":415814,"sizes":{"medium_large":{"file":"Trao-qua-cho-gia-dinh-ba-Nguyen-Thi-Van-1-768x460.jpg","width":768,"height":460,"filesize":69626,"mime_type":"image\/jpeg","source_url":"https:\/\/redcross.org.vn\/wp-content\/uploads\/2025\/03\/Trao-qua-cho-gia-dinh-ba-Nguyen-Thi-Van-1-768x460.jpg"},"1536x1536":{"file":"Trao-qua-cho-gia-dinh-ba-Nguyen-Thi-Van-1-1536x921.jpg","width":1536,"height":921,"filesize":217147,"mime_type":"image\/jpeg","source_url":"https:\/\/redcross.org.vn\/wp-content\/uploads\/2025\/03\/Trao-qua-cho-gia-dinh-ba-Nguyen-Thi-Van-1-1536x921.jpg"},"full":{"file":"Trao-qua-cho-gia-dinh-ba-Nguyen-Thi-Van-1.jpg","width":1872,"height":1122,"mime_type":"image\/jpeg","source_url":"https:\/\/redcross.org.vn\/wp-content\/uploads\/2025\/03\/Trao-qua-cho-gia-dinh-ba-Nguyen-Thi-Van-1.jpg"}},"image_meta":{"aperture":"0","credit":"","camera":"","caption":"","created_timestamp":"0","copyright":"","focal_length":"0","iso":"0","shutter_speed":"0","title":"","orientation":"0","keywords":[]}},"post":null,"source_url":"https:\/\/redcross.org.vn\/wp-content\/uploads\/2025\/03\/Trao-qua-cho-gia-dinh-ba-Nguyen-Thi-Van-1.jpg","_links":{"self":[{"href":"https:\/\/redcross.org.vn\/en\/wp-json\/wp\/v2\/media\/28201"}],"collection":[{"href":"https:\/\/redcross.org.vn\/en\/wp-json\/wp\/v2\/media"}],"about":[{"href":"https:\/\/redcross.org.vn\/en\/wp-json\/wp\/v2\/types\/attachment"}],"author":[{"embeddable":true,"href":"https:\/\/redcross.org.vn\/en\/wp-json\/wp\/v2\/users\/4"}],"replies":[{"embeddable":true,"href":"https:\/\/redcross.org.vn\/en\/wp-json\/wp\/v2\/comments?post=28201"}]}}

Trao quà cho gia đình bà Nguyễn Thị Vân 1

<p>Trao quà cho gia đình bà Nguyễn Thị Vân.</p>
