{"id":28195,"date":"2025-03-24T09:34:28","date_gmt":"2025-03-24T02:34:28","guid":{"rendered":"https:\/\/www.redcross.org.vn\/wp-content\/uploads\/2025\/03\/z6430528337322_996a1e126b2f9662624d5abdc85c71cf.jpg"},"modified":"2025-03-24T09:35:49","modified_gmt":"2025-03-24T02:35:49","slug":"z6430528337322_996a1e126b2f9662624d5abdc85c71cf-2","status":"inherit","type":"attachment","link":"https:\/\/redcross.org.vn\/en\/z6430528337322_996a1e126b2f9662624d5abdc85c71cf-2","title":{"rendered":"z6430528337322_996a1e126b2f9662624d5abdc85c71cf"},"author":4,"comment_status":"open","ping_status":"closed","template":"","meta":{"inline_featured_image":false},"acf":[],"description":{"rendered":"<p class=\"attachment\"><a href='https:\/\/redcross.org.vn\/wp-content\/uploads\/2025\/03\/z6430528337322_996a1e126b2f9662624d5abdc85c71cf.jpg'><img decoding=\"async\" width=\"1180\" height=\"725\" src=\"https:\/\/redcross.org.vn\/wp-content\/uploads\/2025\/03\/z6430528337322_996a1e126b2f9662624d5abdc85c71cf.jpg\" class=\"attachment-medium size-medium\" alt=\"\" \/><\/a><\/p>\n"},"caption":{"rendered":"<p>H\u01b0\u1edbng d\u1eabn quy tr\u00ecnh r\u1eeda tay \u0111\u00fang c\u00e1ch.<\/p>\n"},"alt_text":"","media_type":"image","mime_type":"image\/jpeg","media_details":{"width":1180,"height":725,"file":"2025\/03\/z6430528337322_996a1e126b2f9662624d5abdc85c71cf.jpg","filesize":191031,"sizes":{"medium_large":{"file":"z6430528337322_996a1e126b2f9662624d5abdc85c71cf-768x472.jpg","width":768,"height":472,"filesize":64169,"mime_type":"image\/jpeg","source_url":"https:\/\/redcross.org.vn\/wp-content\/uploads\/2025\/03\/z6430528337322_996a1e126b2f9662624d5abdc85c71cf-768x472.jpg"},"full":{"file":"z6430528337322_996a1e126b2f9662624d5abdc85c71cf.jpg","width":1180,"height":725,"mime_type":"image\/jpeg","source_url":"https:\/\/redcross.org.vn\/wp-content\/uploads\/2025\/03\/z6430528337322_996a1e126b2f9662624d5abdc85c71cf.jpg"}},"image_meta":{"aperture":"0","credit":"","camera":"","caption":"","created_timestamp":"0","copyright":"","focal_length":"0","iso":"0","shutter_speed":"0","title":"","orientation":"0","keywords":[]}},"post":null,"source_url":"https:\/\/redcross.org.vn\/wp-content\/uploads\/2025\/03\/z6430528337322_996a1e126b2f9662624d5abdc85c71cf.jpg","_links":{"self":[{"href":"https:\/\/redcross.org.vn\/en\/wp-json\/wp\/v2\/media\/28195"}],"collection":[{"href":"https:\/\/redcross.org.vn\/en\/wp-json\/wp\/v2\/media"}],"about":[{"href":"https:\/\/redcross.org.vn\/en\/wp-json\/wp\/v2\/types\/attachment"}],"author":[{"embeddable":true,"href":"https:\/\/redcross.org.vn\/en\/wp-json\/wp\/v2\/users\/4"}],"replies":[{"embeddable":true,"href":"https:\/\/redcross.org.vn\/en\/wp-json\/wp\/v2\/comments?post=28195"}]}}

<p>Hướng dẫn quy trình rửa tay đúng cách.</p>
