{"id":27825,"date":"2025-02-18T10:18:55","date_gmt":"2025-02-18T03:18:55","guid":{"rendered":"https:\/\/www.redcross.org.vn\/wp-content\/uploads\/2025\/02\/Ba-Vo-Kim-Thoa-TUV-Truong-Ban-Dan-van-Thanh-uy-Can-Tho-va-ba-Huynh-Thanh-Thao-UV-BCH-Trung-uong-Hoi-CTD-VN-Chu-tich-Hoi-CTD-TP.-Can-Tho-tang-li-xi-cho-ba-con-tai-Cho-Tet-0-dong.jpg"},"modified":"2025-02-18T10:18:55","modified_gmt":"2025-02-18T03:18:55","slug":"ba-vo-kim-thoa-tuv-truong-ban-dan-van-thanh-uy-can-tho-va-ba-huynh-thanh-thao-uv-bch-trung-uong-hoi-ctd-vn-chu-tich-hoi-ctd-tp-can-tho-tang-li-xi-cho-ba-con-tai-cho-tet-0-dong-2-2","status":"inherit","type":"attachment","link":"https:\/\/redcross.org.vn\/en\/ba-vo-kim-thoa-tuv-truong-ban-dan-van-thanh-uy-can-tho-va-ba-huynh-thanh-thao-uv-bch-trung-uong-hoi-ctd-vn-chu-tich-hoi-ctd-tp-can-tho-tang-li-xi-cho-ba-con-tai-cho-tet-0-dong-2-2","title":{"rendered":"B\u00e0 V\u00f5 Kim Thoa, TUV, Tr\u01b0\u1edfng Ban D\u00e2n v\u1eadn Th\u00e0nh u\u1ef7 C\u1ea7n Th\u01a1 v\u00e0 b\u00e0 Hu\u1ef3nh Thanh Th\u1ea3o, UV BCH Trung \u01b0\u01a1ng H\u1ed9i CT\u0110 VN, Ch\u1ee7 t\u1ecbch H\u1ed9i CT\u0110 TP. C\u1ea7n Th\u01a1 t\u1eb7ng l\u00ec x\u00ec cho b\u00e0 con t\u1ea1i Ch\u1ee3 T\u1ebft 0 \u0111\u1ed3ng"},"author":4,"comment_status":"open","ping_status":"closed","template":"","meta":{"inline_featured_image":false},"acf":[],"description":{"rendered":"<p class=\"attachment\"><a href='https:\/\/redcross.org.vn\/wp-content\/uploads\/2025\/02\/Ba-Vo-Kim-Thoa-TUV-Truong-Ban-Dan-van-Thanh-uy-Can-Tho-va-ba-Huynh-Thanh-Thao-UV-BCH-Trung-uong-Hoi-CTD-VN-Chu-tich-Hoi-CTD-TP.-Can-Tho-tang-li-xi-cho-ba-con-tai-Cho-Tet-0-dong.jpg'><img decoding=\"async\" width=\"1280\" height=\"1039\" src=\"https:\/\/redcross.org.vn\/wp-content\/uploads\/2025\/02\/Ba-Vo-Kim-Thoa-TUV-Truong-Ban-Dan-van-Thanh-uy-Can-Tho-va-ba-Huynh-Thanh-Thao-UV-BCH-Trung-uong-Hoi-CTD-VN-Chu-tich-Hoi-CTD-TP.-Can-Tho-tang-li-xi-cho-ba-con-tai-Cho-Tet-0-dong.jpg\" class=\"attachment-medium size-medium\" alt=\"\" \/><\/a><\/p>\n"},"caption":{"rendered":""},"alt_text":"","media_type":"image","mime_type":"image\/jpeg","media_details":{"width":1280,"height":1039,"file":"2025\/02\/Ba-Vo-Kim-Thoa-TUV-Truong-Ban-Dan-van-Thanh-uy-Can-Tho-va-ba-Huynh-Thanh-Thao-UV-BCH-Trung-uong-Hoi-CTD-VN-Chu-tich-Hoi-CTD-TP.-Can-Tho-tang-li-xi-cho-ba-con-tai-Cho-Tet-0-dong.jpg","filesize":341144,"sizes":{"medium_large":{"file":"Ba-Vo-Kim-Thoa-TUV-Truong-Ban-Dan-van-Thanh-uy-Can-Tho-va-ba-Huynh-Thanh-Thao-UV-BCH-Trung-uong-Hoi-CTD-VN-Chu-tich-Hoi-CTD-TP.-Can-Tho-tang-li-xi-cho-ba-con-tai-Cho-Tet-0-dong-768x623.jpg","width":768,"height":623,"filesize":94917,"mime_type":"image\/jpeg","source_url":"https:\/\/redcross.org.vn\/wp-content\/uploads\/2025\/02\/Ba-Vo-Kim-Thoa-TUV-Truong-Ban-Dan-van-Thanh-uy-Can-Tho-va-ba-Huynh-Thanh-Thao-UV-BCH-Trung-uong-Hoi-CTD-VN-Chu-tich-Hoi-CTD-TP.-Can-Tho-tang-li-xi-cho-ba-con-tai-Cho-Tet-0-dong-768x623.jpg"},"full":{"file":"Ba-Vo-Kim-Thoa-TUV-Truong-Ban-Dan-van-Thanh-uy-Can-Tho-va-ba-Huynh-Thanh-Thao-UV-BCH-Trung-uong-Hoi-CTD-VN-Chu-tich-Hoi-CTD-TP.-Can-Tho-tang-li-xi-cho-ba-con-tai-Cho-Tet-0-dong.jpg","width":1280,"height":1039,"mime_type":"image\/jpeg","source_url":"https:\/\/redcross.org.vn\/wp-content\/uploads\/2025\/02\/Ba-Vo-Kim-Thoa-TUV-Truong-Ban-Dan-van-Thanh-uy-Can-Tho-va-ba-Huynh-Thanh-Thao-UV-BCH-Trung-uong-Hoi-CTD-VN-Chu-tich-Hoi-CTD-TP.-Can-Tho-tang-li-xi-cho-ba-con-tai-Cho-Tet-0-dong.jpg"}},"image_meta":{"aperture":"0","credit":"","camera":"","caption":"","created_timestamp":"0","copyright":"","focal_length":"0","iso":"0","shutter_speed":"0","title":"","orientation":"1","keywords":[]}},"post":null,"source_url":"https:\/\/redcross.org.vn\/wp-content\/uploads\/2025\/02\/Ba-Vo-Kim-Thoa-TUV-Truong-Ban-Dan-van-Thanh-uy-Can-Tho-va-ba-Huynh-Thanh-Thao-UV-BCH-Trung-uong-Hoi-CTD-VN-Chu-tich-Hoi-CTD-TP.-Can-Tho-tang-li-xi-cho-ba-con-tai-Cho-Tet-0-dong.jpg","_links":{"self":[{"href":"https:\/\/redcross.org.vn\/en\/wp-json\/wp\/v2\/media\/27825"}],"collection":[{"href":"https:\/\/redcross.org.vn\/en\/wp-json\/wp\/v2\/media"}],"about":[{"href":"https:\/\/redcross.org.vn\/en\/wp-json\/wp\/v2\/types\/attachment"}],"author":[{"embeddable":true,"href":"https:\/\/redcross.org.vn\/en\/wp-json\/wp\/v2\/users\/4"}],"replies":[{"embeddable":true,"href":"https:\/\/redcross.org.vn\/en\/wp-json\/wp\/v2\/comments?post=27825"}]}}

Bà Võ Kim Thoa, TUV, Trưởng Ban Dân vận Thành uỷ Cần Thơ và bà Huỳnh Thanh Thảo, UV BCH Trung ương Hội CTĐ VN, Chủ tịch Hội CTĐ TP. Cần Thơ tặng lì xì cho bà con tại Chợ Tết 0 đồng
