{"id":27710,"date":"2025-01-23T16:42:48","date_gmt":"2025-01-23T09:42:48","guid":{"rendered":"https:\/\/www.redcross.org.vn\/wp-content\/uploads\/2025\/01\/2.-tran_sy_pha.jpg"},"modified":"2025-01-23T16:43:38","modified_gmt":"2025-01-23T09:43:38","slug":"2-tran_sy_pha-2","status":"inherit","type":"attachment","link":"https:\/\/redcross.org.vn\/en\/2-tran_sy_pha-2","title":{"rendered":"2. tran_sy_pha"},"author":4,"comment_status":"open","ping_status":"closed","template":"","meta":{"inline_featured_image":false},"acf":[],"description":{"rendered":"<p class=\"attachment\"><a href='https:\/\/redcross.org.vn\/wp-content\/uploads\/2025\/01\/2.-tran_sy_pha.jpg'><img decoding=\"async\" width=\"1200\" height=\"783\" src=\"https:\/\/redcross.org.vn\/wp-content\/uploads\/2025\/01\/2.-tran_sy_pha.jpg\" class=\"attachment-medium size-medium\" alt=\"\" \/><\/a><\/p>\n"},"caption":{"rendered":"<p>\u00d4ng Tr\u1ea7n S\u1ef9 Pha, Tr\u01b0\u1edfng Ban C\u00f4ng t\u00e1c x\u00e3 h\u1ed9i &#8211; Qu\u1ea3n l\u00fd th\u1ea3m h\u1ecda, Trung \u01b0\u01a1ng H\u1ed9i Ch\u1eef th\u1eadp \u0111\u1ecf Vi\u1ec7t Nam, trao t\u1eadn tay nh\u1eefng g\u00f3i qu\u00e0 T\u1ebft cho ng\u01b0\u1eddi d\u00e2n.<\/p>\n"},"alt_text":"","media_type":"image","mime_type":"image\/jpeg","media_details":{"width":1200,"height":783,"file":"2025\/01\/2.-tran_sy_pha.jpg","filesize":541866,"sizes":{"medium_large":{"file":"2.-tran_sy_pha-768x501.jpg","width":768,"height":501,"filesize":62084,"mime_type":"image\/jpeg","source_url":"https:\/\/redcross.org.vn\/wp-content\/uploads\/2025\/01\/2.-tran_sy_pha-768x501.jpg"},"full":{"file":"2.-tran_sy_pha.jpg","width":1200,"height":783,"mime_type":"image\/jpeg","source_url":"https:\/\/redcross.org.vn\/wp-content\/uploads\/2025\/01\/2.-tran_sy_pha.jpg"}},"image_meta":{"aperture":"0","credit":"","camera":"","caption":"","created_timestamp":"0","copyright":"","focal_length":"0","iso":"0","shutter_speed":"0","title":"","orientation":"0","keywords":[]}},"post":null,"source_url":"https:\/\/redcross.org.vn\/wp-content\/uploads\/2025\/01\/2.-tran_sy_pha.jpg","_links":{"self":[{"href":"https:\/\/redcross.org.vn\/en\/wp-json\/wp\/v2\/media\/27710"}],"collection":[{"href":"https:\/\/redcross.org.vn\/en\/wp-json\/wp\/v2\/media"}],"about":[{"href":"https:\/\/redcross.org.vn\/en\/wp-json\/wp\/v2\/types\/attachment"}],"author":[{"embeddable":true,"href":"https:\/\/redcross.org.vn\/en\/wp-json\/wp\/v2\/users\/4"}],"replies":[{"embeddable":true,"href":"https:\/\/redcross.org.vn\/en\/wp-json\/wp\/v2\/comments?post=27710"}]}}

<p>Ông Trần Sỹ Pha, Trưởng Ban Công tác xã hội &#8211; Quản lý thảm họa, Trung ương Hội Chữ thập đỏ Việt Nam, trao tận tay những gói quà Tết cho người dân.</p>
