{"id":27706,"date":"2025-01-23T16:42:40","date_gmt":"2025-01-23T09:42:40","guid":{"rendered":"https:\/\/www.redcross.org.vn\/wp-content\/uploads\/2025\/01\/4.-66f6a2cb3ce.jpg"},"modified":"2025-01-23T16:44:13","modified_gmt":"2025-01-23T09:44:13","slug":"4-66f6a2cb3ce-2","status":"inherit","type":"attachment","link":"https:\/\/redcross.org.vn\/en\/4-66f6a2cb3ce-2","title":{"rendered":"4. 66f6a2cb3ce"},"author":4,"comment_status":"open","ping_status":"closed","template":"","meta":{"inline_featured_image":false},"acf":[],"description":{"rendered":"<p class=\"attachment\"><a href='https:\/\/redcross.org.vn\/wp-content\/uploads\/2025\/01\/4.-66f6a2cb3ce.jpg'><img decoding=\"async\" width=\"1200\" height=\"900\" src=\"https:\/\/redcross.org.vn\/wp-content\/uploads\/2025\/01\/4.-66f6a2cb3ce.jpg\" class=\"attachment-medium size-medium\" alt=\"\" \/><\/a><\/p>\n"},"caption":{"rendered":"<p>T\u1ea1i Ch\u1ee3 T\u1ebft Nh\u00e2n \u00e1i c\u00f2n di\u1ec5n ra nhi\u1ec1u ho\u1ea1t \u0111\u1ed9ng v\u0103n h\u00f3a truy\u1ec1n th\u1ed1ng nh\u01b0 t\u1eb7ng ch\u1eef th\u01b0 ph\u00e1p, tr\u00f2 ch\u01a1i d\u00e2n gian&#8230;<\/p>\n"},"alt_text":"","media_type":"image","mime_type":"image\/jpeg","media_details":{"width":1200,"height":900,"file":"2025\/01\/4.-66f6a2cb3ce.jpg","filesize":834055,"sizes":{"medium_large":{"file":"4.-66f6a2cb3ce-768x576.jpg","width":768,"height":576,"filesize":95653,"mime_type":"image\/jpeg","source_url":"https:\/\/redcross.org.vn\/wp-content\/uploads\/2025\/01\/4.-66f6a2cb3ce-768x576.jpg"},"full":{"file":"4.-66f6a2cb3ce.jpg","width":1200,"height":900,"mime_type":"image\/jpeg","source_url":"https:\/\/redcross.org.vn\/wp-content\/uploads\/2025\/01\/4.-66f6a2cb3ce.jpg"}},"image_meta":{"aperture":"0","credit":"","camera":"","caption":"","created_timestamp":"0","copyright":"","focal_length":"0","iso":"0","shutter_speed":"0","title":"","orientation":"0","keywords":[]}},"post":null,"source_url":"https:\/\/redcross.org.vn\/wp-content\/uploads\/2025\/01\/4.-66f6a2cb3ce.jpg","_links":{"self":[{"href":"https:\/\/redcross.org.vn\/en\/wp-json\/wp\/v2\/media\/27706"}],"collection":[{"href":"https:\/\/redcross.org.vn\/en\/wp-json\/wp\/v2\/media"}],"about":[{"href":"https:\/\/redcross.org.vn\/en\/wp-json\/wp\/v2\/types\/attachment"}],"author":[{"embeddable":true,"href":"https:\/\/redcross.org.vn\/en\/wp-json\/wp\/v2\/users\/4"}],"replies":[{"embeddable":true,"href":"https:\/\/redcross.org.vn\/en\/wp-json\/wp\/v2\/comments?post=27706"}]}}

<p>Tại Chợ Tết Nhân ái còn diễn ra nhiều hoạt động văn hóa truyền thống như tặng chữ thư pháp, trò chơi dân gian&#8230;</p>
