{"id":27702,"date":"2025-01-23T16:42:05","date_gmt":"2025-01-23T09:42:05","guid":{"rendered":"https:\/\/www.redcross.org.vn\/wp-content\/uploads\/2025\/01\/1.-Ong-Le-Hung-Cuong-trao-qua-cho-ba-con.jpg"},"modified":"2025-01-23T16:42:05","modified_gmt":"2025-01-23T09:42:05","slug":"1-ong-le-hung-cuong-trao-qua-cho-ba-con-2","status":"inherit","type":"attachment","link":"https:\/\/redcross.org.vn\/en\/1-ong-le-hung-cuong-trao-qua-cho-ba-con-2","title":{"rendered":"1. \u00d4ng L\u00ea H\u00f9ng C\u01b0\u1eddng trao qu\u00e0 cho b\u00e0 con"},"author":4,"comment_status":"open","ping_status":"closed","template":"","meta":{"inline_featured_image":false},"acf":[],"description":{"rendered":"<p class=\"attachment\"><a href='https:\/\/redcross.org.vn\/wp-content\/uploads\/2025\/01\/1.-Ong-Le-Hung-Cuong-trao-qua-cho-ba-con.jpg'><img decoding=\"async\" width=\"2361\" height=\"1608\" src=\"https:\/\/redcross.org.vn\/wp-content\/uploads\/2025\/01\/1.-Ong-Le-Hung-Cuong-trao-qua-cho-ba-con.jpg\" class=\"attachment-medium size-medium\" alt=\"\" \/><\/a><\/p>\n"},"caption":{"rendered":""},"alt_text":"","media_type":"image","mime_type":"image\/jpeg","media_details":{"width":2361,"height":1608,"file":"2025\/01\/1.-Ong-Le-Hung-Cuong-trao-qua-cho-ba-con.jpg","filesize":408815,"sizes":{"medium_large":{"file":"1.-Ong-Le-Hung-Cuong-trao-qua-cho-ba-con-768x523.jpg","width":768,"height":523,"filesize":78467,"mime_type":"image\/jpeg","source_url":"https:\/\/redcross.org.vn\/wp-content\/uploads\/2025\/01\/1.-Ong-Le-Hung-Cuong-trao-qua-cho-ba-con-768x523.jpg"},"1536x1536":{"file":"1.-Ong-Le-Hung-Cuong-trao-qua-cho-ba-con-1536x1046.jpg","width":1536,"height":1046,"filesize":253328,"mime_type":"image\/jpeg","source_url":"https:\/\/redcross.org.vn\/wp-content\/uploads\/2025\/01\/1.-Ong-Le-Hung-Cuong-trao-qua-cho-ba-con-1536x1046.jpg"},"2048x2048":{"file":"1.-Ong-Le-Hung-Cuong-trao-qua-cho-ba-con-2048x1395.jpg","width":2048,"height":1395,"filesize":407544,"mime_type":"image\/jpeg","source_url":"https:\/\/redcross.org.vn\/wp-content\/uploads\/2025\/01\/1.-Ong-Le-Hung-Cuong-trao-qua-cho-ba-con-2048x1395.jpg"},"full":{"file":"1.-Ong-Le-Hung-Cuong-trao-qua-cho-ba-con.jpg","width":2361,"height":1608,"mime_type":"image\/jpeg","source_url":"https:\/\/redcross.org.vn\/wp-content\/uploads\/2025\/01\/1.-Ong-Le-Hung-Cuong-trao-qua-cho-ba-con.jpg"}},"image_meta":{"aperture":"1.9","credit":"","camera":"SM-G610F","caption":"","created_timestamp":"0","copyright":"","focal_length":"3.6","iso":"40","shutter_speed":"0.0015220700152207","title":"","orientation":"0","keywords":[]}},"post":null,"source_url":"https:\/\/redcross.org.vn\/wp-content\/uploads\/2025\/01\/1.-Ong-Le-Hung-Cuong-trao-qua-cho-ba-con.jpg","_links":{"self":[{"href":"https:\/\/redcross.org.vn\/en\/wp-json\/wp\/v2\/media\/27702"}],"collection":[{"href":"https:\/\/redcross.org.vn\/en\/wp-json\/wp\/v2\/media"}],"about":[{"href":"https:\/\/redcross.org.vn\/en\/wp-json\/wp\/v2\/types\/attachment"}],"author":[{"embeddable":true,"href":"https:\/\/redcross.org.vn\/en\/wp-json\/wp\/v2\/users\/4"}],"replies":[{"embeddable":true,"href":"https:\/\/redcross.org.vn\/en\/wp-json\/wp\/v2\/comments?post=27702"}]}}

1. Ông Lê Hùng Cường trao quà cho bà con
