{"id":27436,"date":"2025-01-16T14:47:51","date_gmt":"2025-01-16T07:47:51","guid":{"rendered":"https:\/\/www.redcross.org.vn\/wp-content\/uploads\/2025\/01\/3.-f32b78a.jpg"},"modified":"2025-01-16T14:51:40","modified_gmt":"2025-01-16T07:51:40","slug":"3-f32b78a-2","status":"inherit","type":"attachment","link":"https:\/\/redcross.org.vn\/en\/3-f32b78a-2","title":{"rendered":"3. f32b78a"},"author":4,"comment_status":"open","ping_status":"closed","template":"","meta":{"inline_featured_image":false},"acf":[],"description":{"rendered":"<p class=\"attachment\"><a href='https:\/\/redcross.org.vn\/wp-content\/uploads\/2025\/01\/3.-f32b78a.jpg'><img decoding=\"async\" width=\"2178\" height=\"1371\" src=\"https:\/\/redcross.org.vn\/wp-content\/uploads\/2025\/01\/3.-f32b78a.jpg\" class=\"attachment-medium size-medium\" alt=\"\" \/><\/a><\/p>\n"},"caption":{"rendered":"<p>\u0110o\u00e0n c\u00f4ng t\u00e1c \u0111\u1ebfn t\u1eadn nh\u00e0 trao qu\u00e0 cho ng\u01b0\u1eddi d\u00e2n.<\/p>\n"},"alt_text":"","media_type":"image","mime_type":"image\/jpeg","media_details":{"width":2178,"height":1371,"file":"2025\/01\/3.-f32b78a.jpg","filesize":391803,"sizes":{"medium_large":{"file":"3.-f32b78a-768x483.jpg","width":768,"height":483,"filesize":85368,"mime_type":"image\/jpeg","source_url":"https:\/\/redcross.org.vn\/wp-content\/uploads\/2025\/01\/3.-f32b78a-768x483.jpg"},"1536x1536":{"file":"3.-f32b78a-1536x967.jpg","width":1536,"height":967,"filesize":278060,"mime_type":"image\/jpeg","source_url":"https:\/\/redcross.org.vn\/wp-content\/uploads\/2025\/01\/3.-f32b78a-1536x967.jpg"},"2048x2048":{"file":"3.-f32b78a-2048x1289.jpg","width":2048,"height":1289,"filesize":441144,"mime_type":"image\/jpeg","source_url":"https:\/\/redcross.org.vn\/wp-content\/uploads\/2025\/01\/3.-f32b78a-2048x1289.jpg"},"full":{"file":"3.-f32b78a.jpg","width":2178,"height":1371,"mime_type":"image\/jpeg","source_url":"https:\/\/redcross.org.vn\/wp-content\/uploads\/2025\/01\/3.-f32b78a.jpg"}},"image_meta":{"aperture":"0","credit":"","camera":"","caption":"","created_timestamp":"0","copyright":"","focal_length":"0","iso":"0","shutter_speed":"0","title":"","orientation":"0","keywords":[]}},"post":null,"source_url":"https:\/\/redcross.org.vn\/wp-content\/uploads\/2025\/01\/3.-f32b78a.jpg","_links":{"self":[{"href":"https:\/\/redcross.org.vn\/en\/wp-json\/wp\/v2\/media\/27436"}],"collection":[{"href":"https:\/\/redcross.org.vn\/en\/wp-json\/wp\/v2\/media"}],"about":[{"href":"https:\/\/redcross.org.vn\/en\/wp-json\/wp\/v2\/types\/attachment"}],"author":[{"embeddable":true,"href":"https:\/\/redcross.org.vn\/en\/wp-json\/wp\/v2\/users\/4"}],"replies":[{"embeddable":true,"href":"https:\/\/redcross.org.vn\/en\/wp-json\/wp\/v2\/comments?post=27436"}]}}

<p>Đoàn công tác đến tận nhà trao quà cho người dân.</p>
