{"id":27292,"date":"2025-01-09T16:55:23","date_gmt":"2025-01-09T09:55:23","guid":{"rendered":"https:\/\/www.redcross.org.vn\/wp-content\/uploads\/2025\/01\/9d9b4e0e3a268678df37.jpg"},"modified":"2025-01-09T17:01:53","modified_gmt":"2025-01-09T10:01:53","slug":"9d9b4e0e3a268678df37-2","status":"inherit","type":"attachment","link":"https:\/\/redcross.org.vn\/en\/9d9b4e0e3a268678df37-2","title":{"rendered":"9d9b4e0e3a268678df37"},"author":4,"comment_status":"open","ping_status":"closed","template":"","meta":{"inline_featured_image":false},"acf":[],"description":{"rendered":"<p class=\"attachment\"><a href='https:\/\/redcross.org.vn\/wp-content\/uploads\/2025\/01\/9d9b4e0e3a268678df37.jpg'><img decoding=\"async\" width=\"1620\" height=\"1080\" src=\"https:\/\/redcross.org.vn\/wp-content\/uploads\/2025\/01\/9d9b4e0e3a268678df37.jpg\" class=\"attachment-medium size-medium\" alt=\"\" \/><\/a><\/p>\n"},"caption":{"rendered":"<p>C\u00e1c h\u1ed9 d\u00e2n nh\u1eadn qu\u00e0 T\u1ebft do C\u00f4ng ty C\u1ed5 ph\u1ea7n Ph\u00e2n b\u00f3n v\u00e0 H\u00f3a ch\u1ea5t D\u1ea7u kh\u00ed mi\u1ec1n Trung t\u00e0i tr\u1ee3.<\/p>\n"},"alt_text":"","media_type":"image","mime_type":"image\/jpeg","media_details":{"width":1620,"height":1080,"file":"2025\/01\/9d9b4e0e3a268678df37.jpg","filesize":244900,"sizes":{"medium_large":{"file":"9d9b4e0e3a268678df37-768x512.jpg","width":768,"height":512,"filesize":73864,"mime_type":"image\/jpeg","source_url":"https:\/\/redcross.org.vn\/wp-content\/uploads\/2025\/01\/9d9b4e0e3a268678df37-768x512.jpg"},"1536x1536":{"file":"9d9b4e0e3a268678df37-1536x1024.jpg","width":1536,"height":1024,"filesize":206082,"mime_type":"image\/jpeg","source_url":"https:\/\/redcross.org.vn\/wp-content\/uploads\/2025\/01\/9d9b4e0e3a268678df37-1536x1024.jpg"},"full":{"file":"9d9b4e0e3a268678df37.jpg","width":1620,"height":1080,"mime_type":"image\/jpeg","source_url":"https:\/\/redcross.org.vn\/wp-content\/uploads\/2025\/01\/9d9b4e0e3a268678df37.jpg"}},"image_meta":{"aperture":"0","credit":"","camera":"","caption":"","created_timestamp":"0","copyright":"","focal_length":"0","iso":"0","shutter_speed":"0","title":"","orientation":"0","keywords":[]}},"post":null,"source_url":"https:\/\/redcross.org.vn\/wp-content\/uploads\/2025\/01\/9d9b4e0e3a268678df37.jpg","_links":{"self":[{"href":"https:\/\/redcross.org.vn\/en\/wp-json\/wp\/v2\/media\/27292"}],"collection":[{"href":"https:\/\/redcross.org.vn\/en\/wp-json\/wp\/v2\/media"}],"about":[{"href":"https:\/\/redcross.org.vn\/en\/wp-json\/wp\/v2\/types\/attachment"}],"author":[{"embeddable":true,"href":"https:\/\/redcross.org.vn\/en\/wp-json\/wp\/v2\/users\/4"}],"replies":[{"embeddable":true,"href":"https:\/\/redcross.org.vn\/en\/wp-json\/wp\/v2\/comments?post=27292"}]}}

<p>Các hộ dân nhận quà Tết do Công ty Cổ phần Phân bón và Hóa chất Dầu khí miền Trung tài trợ.</p>
