{"id":27245,"date":"2025-01-07T16:07:47","date_gmt":"2025-01-07T09:07:47","guid":{"rendered":"https:\/\/www.redcross.org.vn\/wp-content\/uploads\/2025\/01\/1.-Dai-dien-nha-tai-tro-trao-qua-2.jpg"},"modified":"2025-01-07T16:08:40","modified_gmt":"2025-01-07T09:08:40","slug":"1-dai-dien-nha-tai-tro-trao-qua-2-2","status":"inherit","type":"attachment","link":"https:\/\/redcross.org.vn\/en\/1-dai-dien-nha-tai-tro-trao-qua-2-2","title":{"rendered":"1. \u0110\u1ea1i di\u1ec7n nh\u00e0 t\u00e0i tr\u1ee3 trao qu\u00e0 2"},"author":4,"comment_status":"open","ping_status":"closed","template":"","meta":{"inline_featured_image":false},"acf":[],"description":{"rendered":"<p class=\"attachment\"><a href='https:\/\/redcross.org.vn\/wp-content\/uploads\/2025\/01\/1.-Dai-dien-nha-tai-tro-trao-qua-2.jpg'><img decoding=\"async\" width=\"1977\" height=\"1299\" src=\"https:\/\/redcross.org.vn\/wp-content\/uploads\/2025\/01\/1.-Dai-dien-nha-tai-tro-trao-qua-2.jpg\" class=\"attachment-medium size-medium\" alt=\"\" \/><\/a><\/p>\n"},"caption":{"rendered":"<p>\u0110\u1ea1i di\u1ec7n nh\u00e0 t\u00e0i tr\u1ee3 trao h\u1ed7 tr\u1ee3 cho gia \u0111\u00ecnh b\u00e0 Nguy\u1ec5n Th\u1ecb \u0110i\u1ec3u (83 tu\u1ed5i) \u1edf ph\u01b0\u1eddng Phong An.<\/p>\n"},"alt_text":"","media_type":"image","mime_type":"image\/jpeg","media_details":{"width":1977,"height":1299,"file":"2025\/01\/1.-Dai-dien-nha-tai-tro-trao-qua-2.jpg","filesize":423123,"sizes":{"medium_large":{"file":"1.-Dai-dien-nha-tai-tro-trao-qua-2-768x505.jpg","width":768,"height":505,"filesize":101593,"mime_type":"image\/jpeg","source_url":"https:\/\/redcross.org.vn\/wp-content\/uploads\/2025\/01\/1.-Dai-dien-nha-tai-tro-trao-qua-2-768x505.jpg"},"1536x1536":{"file":"1.-Dai-dien-nha-tai-tro-trao-qua-2-1536x1009.jpg","width":1536,"height":1009,"filesize":335944,"mime_type":"image\/jpeg","source_url":"https:\/\/redcross.org.vn\/wp-content\/uploads\/2025\/01\/1.-Dai-dien-nha-tai-tro-trao-qua-2-1536x1009.jpg"},"full":{"file":"1.-Dai-dien-nha-tai-tro-trao-qua-2.jpg","width":1977,"height":1299,"mime_type":"image\/jpeg","source_url":"https:\/\/redcross.org.vn\/wp-content\/uploads\/2025\/01\/1.-Dai-dien-nha-tai-tro-trao-qua-2.jpg"}},"image_meta":{"aperture":"0","credit":"","camera":"","caption":"","created_timestamp":"0","copyright":"","focal_length":"0","iso":"0","shutter_speed":"0","title":"","orientation":"0","keywords":[]}},"post":null,"source_url":"https:\/\/redcross.org.vn\/wp-content\/uploads\/2025\/01\/1.-Dai-dien-nha-tai-tro-trao-qua-2.jpg","_links":{"self":[{"href":"https:\/\/redcross.org.vn\/en\/wp-json\/wp\/v2\/media\/27245"}],"collection":[{"href":"https:\/\/redcross.org.vn\/en\/wp-json\/wp\/v2\/media"}],"about":[{"href":"https:\/\/redcross.org.vn\/en\/wp-json\/wp\/v2\/types\/attachment"}],"author":[{"embeddable":true,"href":"https:\/\/redcross.org.vn\/en\/wp-json\/wp\/v2\/users\/4"}],"replies":[{"embeddable":true,"href":"https:\/\/redcross.org.vn\/en\/wp-json\/wp\/v2\/comments?post=27245"}]}}

1. Đại diện nhà tài trợ trao quà 2

<p>Đại diện nhà tài trợ trao hỗ trợ cho gia đình bà Nguyễn Thị Điểu (83 tuổi) ở phường Phong An.</p>
