{"id":26788,"date":"2024-11-26T15:35:03","date_gmt":"2024-11-26T08:35:03","guid":{"rendered":"https:\/\/www.redcross.org.vn\/wp-content\/uploads\/2024\/11\/ton-vinh-nha-tai-tro-3.jpg"},"modified":"2024-11-26T15:36:56","modified_gmt":"2024-11-26T08:36:56","slug":"ton-vinh-nha-tai-tro-3-2","status":"inherit","type":"attachment","link":"https:\/\/redcross.org.vn\/en\/ton-vinh-nha-tai-tro-3-2","title":{"rendered":"t\u00f4n vinh nh\u00e0 t\u00e0i tr\u1ee3 3"},"author":4,"comment_status":"open","ping_status":"closed","template":"","meta":{"inline_featured_image":false},"acf":[],"description":{"rendered":"<p class=\"attachment\"><a href='https:\/\/redcross.org.vn\/wp-content\/uploads\/2024\/11\/ton-vinh-nha-tai-tro-3.jpg'><img decoding=\"async\" width=\"1276\" height=\"956\" src=\"https:\/\/redcross.org.vn\/wp-content\/uploads\/2024\/11\/ton-vinh-nha-tai-tro-3.jpg\" class=\"attachment-medium size-medium\" alt=\"\" \/><\/a><\/p>\n"},"caption":{"rendered":"<p>T\u1eb7ng B\u1eb1ng khencho c\u00e1c t\u1eadp th\u1ec3, c\u00e1 nh\u00e2n.<\/p>\n"},"alt_text":"","media_type":"image","mime_type":"image\/jpeg","media_details":{"width":1276,"height":956,"file":"2024\/11\/ton-vinh-nha-tai-tro-3.jpg","filesize":294819,"sizes":{"medium_large":{"file":"ton-vinh-nha-tai-tro-3-768x575.jpg","width":768,"height":575,"filesize":104076,"mime_type":"image\/jpeg","source_url":"https:\/\/redcross.org.vn\/wp-content\/uploads\/2024\/11\/ton-vinh-nha-tai-tro-3-768x575.jpg"},"full":{"file":"ton-vinh-nha-tai-tro-3.jpg","width":1276,"height":956,"mime_type":"image\/jpeg","source_url":"https:\/\/redcross.org.vn\/wp-content\/uploads\/2024\/11\/ton-vinh-nha-tai-tro-3.jpg"}},"image_meta":{"aperture":"0","credit":"","camera":"","caption":"","created_timestamp":"0","copyright":"","focal_length":"0","iso":"0","shutter_speed":"0","title":"","orientation":"0","keywords":[]}},"post":null,"source_url":"https:\/\/redcross.org.vn\/wp-content\/uploads\/2024\/11\/ton-vinh-nha-tai-tro-3.jpg","_links":{"self":[{"href":"https:\/\/redcross.org.vn\/en\/wp-json\/wp\/v2\/media\/26788"}],"collection":[{"href":"https:\/\/redcross.org.vn\/en\/wp-json\/wp\/v2\/media"}],"about":[{"href":"https:\/\/redcross.org.vn\/en\/wp-json\/wp\/v2\/types\/attachment"}],"author":[{"embeddable":true,"href":"https:\/\/redcross.org.vn\/en\/wp-json\/wp\/v2\/users\/4"}],"replies":[{"embeddable":true,"href":"https:\/\/redcross.org.vn\/en\/wp-json\/wp\/v2\/comments?post=26788"}]}}

tôn vinh nhà tài trợ 3

<p>Tặng Bằng khencho các tập thể, cá nhân.</p>
