{"id":26771,"date":"2024-11-25T17:01:35","date_gmt":"2024-11-25T10:01:35","guid":{"rendered":"https:\/\/www.redcross.org.vn\/wp-content\/uploads\/2024\/11\/0573446538.jpg"},"modified":"2024-11-25T17:02:49","modified_gmt":"2024-11-25T10:02:49","slug":"0573446538-2","status":"inherit","type":"attachment","link":"https:\/\/redcross.org.vn\/en\/0573446538-2","title":{"rendered":"0573446538"},"author":4,"comment_status":"open","ping_status":"closed","template":"","meta":{"inline_featured_image":false},"acf":[],"description":{"rendered":"<p class=\"attachment\"><a href='https:\/\/redcross.org.vn\/wp-content\/uploads\/2024\/11\/0573446538.jpg'><img decoding=\"async\" width=\"1280\" height=\"853\" src=\"https:\/\/redcross.org.vn\/wp-content\/uploads\/2024\/11\/0573446538.jpg\" class=\"attachment-medium size-medium\" alt=\"\" \/><\/a><\/p>\n"},"caption":{"rendered":"<p>B\u00e0 B\u00f9i Th\u1ecb H\u00f2a, Ch\u1ee7 t\u1ecbch H\u1ed9i Ch\u1eef th\u1eadp \u0111\u1ecf Vi\u1ec7t Nam t\u1eb7ng hoa c\u00e1c nh\u00e0 t\u00e0i tr\u1ee3 cho ch\u01b0\u01a1ng tr\u00ecnh.<\/p>\n"},"alt_text":"","media_type":"image","mime_type":"image\/jpeg","media_details":{"width":1280,"height":853,"file":"2024\/11\/0573446538.jpg","filesize":231059,"sizes":{"medium_large":{"file":"0573446538-768x512.jpg","width":768,"height":512,"filesize":82404,"mime_type":"image\/jpeg","source_url":"https:\/\/redcross.org.vn\/wp-content\/uploads\/2024\/11\/0573446538-768x512.jpg"},"full":{"file":"0573446538.jpg","width":1280,"height":853,"mime_type":"image\/jpeg","source_url":"https:\/\/redcross.org.vn\/wp-content\/uploads\/2024\/11\/0573446538.jpg"}},"image_meta":{"aperture":"0","credit":"","camera":"","caption":"","created_timestamp":"0","copyright":"","focal_length":"0","iso":"0","shutter_speed":"0","title":"","orientation":"0","keywords":[]}},"post":null,"source_url":"https:\/\/redcross.org.vn\/wp-content\/uploads\/2024\/11\/0573446538.jpg","_links":{"self":[{"href":"https:\/\/redcross.org.vn\/en\/wp-json\/wp\/v2\/media\/26771"}],"collection":[{"href":"https:\/\/redcross.org.vn\/en\/wp-json\/wp\/v2\/media"}],"about":[{"href":"https:\/\/redcross.org.vn\/en\/wp-json\/wp\/v2\/types\/attachment"}],"author":[{"embeddable":true,"href":"https:\/\/redcross.org.vn\/en\/wp-json\/wp\/v2\/users\/4"}],"replies":[{"embeddable":true,"href":"https:\/\/redcross.org.vn\/en\/wp-json\/wp\/v2\/comments?post=26771"}]}}

<p>Bà Bùi Thị Hòa, Chủ tịch Hội Chữ thập đỏ Việt Nam tặng hoa các nhà tài trợ cho chương trình.</p>
