{"id":23055,"date":"2024-05-03T14:03:04","date_gmt":"2024-05-03T14:03:04","guid":{"rendered":"https:\/\/redcross.org.vn\/wp-content\/uploads\/2024\/05\/6.-IMG_1949.jpeg"},"modified":"2024-05-03T14:24:16","modified_gmt":"2024-05-03T14:24:16","slug":"6-img_1949-2","status":"inherit","type":"attachment","link":"https:\/\/redcross.org.vn\/en\/6-img_1949-2","title":{"rendered":"6. IMG_1949"},"author":4,"comment_status":"open","ping_status":"closed","template":"","meta":{"inline_featured_image":false},"acf":[],"description":{"rendered":"<p class=\"attachment\"><a href='https:\/\/redcross.org.vn\/wp-content\/uploads\/2024\/05\/6.-IMG_1949.jpeg'><img decoding=\"async\" width=\"999\" height=\"655\" src=\"https:\/\/redcross.org.vn\/wp-content\/uploads\/2024\/05\/6.-IMG_1949.jpeg\" class=\"attachment-medium size-medium\" alt=\"\" \/><\/a><\/p>\n"},"caption":{"rendered":"<p>Kh\u1edfi c\u00f4ng x\u00e2y d\u1ef1ng B\u1ebfp \u0103n b\u00e1n tr\u00fa t\u1ea1i \u0111i\u1ec3m tr\u01b0\u1eddng M\u01b0\u1eddng Pi\u1ec7t.<\/p>\n"},"alt_text":"","media_type":"image","mime_type":"image\/jpeg","media_details":{"width":999,"height":655,"file":"2024\/05\/6.-IMG_1949.jpeg","filesize":209639,"sizes":{"medium_large":{"file":"6.-IMG_1949-768x504.jpeg","width":768,"height":504,"filesize":90567,"mime_type":"image\/jpeg","source_url":"https:\/\/redcross.org.vn\/wp-content\/uploads\/2024\/05\/6.-IMG_1949-768x504.jpeg"},"full":{"file":"6.-IMG_1949.jpeg","width":999,"height":655,"mime_type":"image\/jpeg","source_url":"https:\/\/redcross.org.vn\/wp-content\/uploads\/2024\/05\/6.-IMG_1949.jpeg"}},"image_meta":{"aperture":"0","credit":"","camera":"","caption":"","created_timestamp":"0","copyright":"","focal_length":"0","iso":"0","shutter_speed":"0","title":"","orientation":"0","keywords":[]}},"post":null,"source_url":"https:\/\/redcross.org.vn\/wp-content\/uploads\/2024\/05\/6.-IMG_1949.jpeg","_links":{"self":[{"href":"https:\/\/redcross.org.vn\/en\/wp-json\/wp\/v2\/media\/23055"}],"collection":[{"href":"https:\/\/redcross.org.vn\/en\/wp-json\/wp\/v2\/media"}],"about":[{"href":"https:\/\/redcross.org.vn\/en\/wp-json\/wp\/v2\/types\/attachment"}],"author":[{"embeddable":true,"href":"https:\/\/redcross.org.vn\/en\/wp-json\/wp\/v2\/users\/4"}],"replies":[{"embeddable":true,"href":"https:\/\/redcross.org.vn\/en\/wp-json\/wp\/v2\/comments?post=23055"}]}}

<p>Khởi công xây dựng Bếp ăn bán trú tại điểm trường Mường Piệt.</p>
