{"id":23010,"date":"2024-05-02T08:54:56","date_gmt":"2024-05-02T08:54:56","guid":{"rendered":"https:\/\/redcross.org.vn\/wp-content\/uploads\/2024\/05\/z5386616247835_67c82c47f47f9ed808516326a2211108.jpg"},"modified":"2024-05-02T08:56:56","modified_gmt":"2024-05-02T08:56:56","slug":"z5386616247835_67c82c47f47f9ed808516326a2211108-2","status":"inherit","type":"attachment","link":"https:\/\/redcross.org.vn\/en\/z5386616247835_67c82c47f47f9ed808516326a2211108-2","title":{"rendered":"z5386616247835_67c82c47f47f9ed808516326a2211108"},"author":4,"comment_status":"open","ping_status":"closed","template":"","meta":{"inline_featured_image":false},"acf":[],"description":{"rendered":"<p class=\"attachment\"><a href='https:\/\/redcross.org.vn\/wp-content\/uploads\/2024\/05\/z5386616247835_67c82c47f47f9ed808516326a2211108.jpg'><img decoding=\"async\" width=\"720\" height=\"514\" src=\"https:\/\/redcross.org.vn\/wp-content\/uploads\/2024\/05\/z5386616247835_67c82c47f47f9ed808516326a2211108.jpg\" class=\"attachment-medium size-medium\" alt=\"\" \/><\/a><\/p>\n"},"caption":{"rendered":"<p>H\u1ed9i Ch\u1eef th\u1eadp \u0111\u1ecf Ti\u1ec1n Giang t\u1eb7ng n\u01b0\u1edbc cho b\u00e0 con huy\u1ec7n G\u00f2 C\u00f4ng \u0110\u00f4ng, T\u00e2n Ph\u00fa \u0110\u00f4ng.<\/p>\n"},"alt_text":"","media_type":"image","mime_type":"image\/jpeg","media_details":{"width":720,"height":514,"file":"2024\/05\/z5386616247835_67c82c47f47f9ed808516326a2211108.jpg","filesize":118630,"sizes":{},"image_meta":{"aperture":"0","credit":"","camera":"","caption":"","created_timestamp":"0","copyright":"","focal_length":"0","iso":"0","shutter_speed":"0","title":"","orientation":"1","keywords":[]}},"post":null,"source_url":"https:\/\/redcross.org.vn\/wp-content\/uploads\/2024\/05\/z5386616247835_67c82c47f47f9ed808516326a2211108.jpg","_links":{"self":[{"href":"https:\/\/redcross.org.vn\/en\/wp-json\/wp\/v2\/media\/23010"}],"collection":[{"href":"https:\/\/redcross.org.vn\/en\/wp-json\/wp\/v2\/media"}],"about":[{"href":"https:\/\/redcross.org.vn\/en\/wp-json\/wp\/v2\/types\/attachment"}],"author":[{"embeddable":true,"href":"https:\/\/redcross.org.vn\/en\/wp-json\/wp\/v2\/users\/4"}],"replies":[{"embeddable":true,"href":"https:\/\/redcross.org.vn\/en\/wp-json\/wp\/v2\/comments?post=23010"}]}}

<p>Hội Chữ thập đỏ Tiền Giang tặng nước cho bà con huyện Gò Công Đông, Tân Phú Đông.</p>
