{"id":20791,"date":"2024-01-15T16:12:39","date_gmt":"2024-01-15T09:12:39","guid":{"rendered":"https:\/\/redcross.org.vn\/wp-content\/uploads\/2024\/01\/z5064536259550_.jpg"},"modified":"2024-01-15T16:24:47","modified_gmt":"2024-01-15T09:24:47","slug":"z5064536259550_-2","status":"inherit","type":"attachment","link":"https:\/\/redcross.org.vn\/en\/z5064536259550_-2","title":{"rendered":"z5064536259550_"},"author":4,"comment_status":"open","ping_status":"closed","template":"","meta":{"inline_featured_image":false},"acf":[],"description":{"rendered":"<p class=\"attachment\"><a href='https:\/\/redcross.org.vn\/wp-content\/uploads\/2024\/01\/z5064536259550_.jpg'><img decoding=\"async\" width=\"1111\" height=\"652\" src=\"https:\/\/redcross.org.vn\/wp-content\/uploads\/2024\/01\/z5064536259550_.jpg\" class=\"attachment-medium size-medium\" alt=\"\" \/><\/a><\/p>\n"},"caption":{"rendered":"<p>Trao B\u1eb1ng khen cho 45 t\u1eadp c\u00f3 nhi\u1ec1u th\u00e0nh t\u00edch trong c\u00f4ng t\u00e1c v\u1eadn \u0111\u1ed9ng HMTN n\u0103m 2023<\/p>\n"},"alt_text":"","media_type":"image","mime_type":"image\/jpeg","media_details":{"width":1111,"height":652,"file":"2024\/01\/z5064536259550_.jpg","filesize":309655,"sizes":{"medium_large":{"file":"z5064536259550_-768x451.jpg","width":768,"height":451,"filesize":114094,"mime_type":"image\/jpeg","source_url":"https:\/\/redcross.org.vn\/wp-content\/uploads\/2024\/01\/z5064536259550_-768x451.jpg"},"full":{"file":"z5064536259550_.jpg","width":1111,"height":652,"mime_type":"image\/jpeg","source_url":"https:\/\/redcross.org.vn\/wp-content\/uploads\/2024\/01\/z5064536259550_.jpg"}},"image_meta":{"aperture":"0","credit":"","camera":"","caption":"","created_timestamp":"1705071609","copyright":"","focal_length":"0","iso":"0","shutter_speed":"0","title":"","orientation":"1","keywords":[]}},"post":null,"source_url":"https:\/\/redcross.org.vn\/wp-content\/uploads\/2024\/01\/z5064536259550_.jpg","_links":{"self":[{"href":"https:\/\/redcross.org.vn\/en\/wp-json\/wp\/v2\/media\/20791"}],"collection":[{"href":"https:\/\/redcross.org.vn\/en\/wp-json\/wp\/v2\/media"}],"about":[{"href":"https:\/\/redcross.org.vn\/en\/wp-json\/wp\/v2\/types\/attachment"}],"author":[{"embeddable":true,"href":"https:\/\/redcross.org.vn\/en\/wp-json\/wp\/v2\/users\/4"}],"replies":[{"embeddable":true,"href":"https:\/\/redcross.org.vn\/en\/wp-json\/wp\/v2\/comments?post=20791"}]}}

<p>Trao Bằng khen cho 45 tập có nhiều thành tích trong công tác vận động HMTN năm 2023</p>
