{"id":17362,"date":"2023-10-31T04:47:30","date_gmt":"2023-10-31T04:47:30","guid":{"rendered":"https:\/\/redcross.org.vn\/wp-content\/uploads\/2023\/10\/tong-video-bi-thu-nguyen-phu-trong-gap-mat-80-dai-bieu-tieu-bieu-hoi-chu-thap-do-viet-nam-lan-thu-xi.jpg"},"modified":"2023-10-31T04:47:30","modified_gmt":"2023-10-31T04:47:30","slug":"tong-video-bi-thu-nguyen-phu-trong-gap-mat-80-dai-bieu-tieu-bieu-hoi-chu-thap-do-viet-nam-lan-thu-xi-2","status":"inherit","type":"attachment","link":"https:\/\/redcross.org.vn\/en\/tong-video-bi-thu-nguyen-phu-trong-gap-mat-80-dai-bieu-tieu-bieu-hoi-chu-thap-do-viet-nam-lan-thu-xi-2","title":{"rendered":"tong-video-bi-thu-nguyen-phu-trong-gap-mat-80-dai-bieu-tieu-bieu-hoi-chu-thap-do-viet-nam-lan-thu-xi"},"author":1,"comment_status":"open","ping_status":"closed","template":"","meta":{"inline_featured_image":false},"acf":[],"description":{"rendered":"<p class=\"attachment\"><a href='https:\/\/redcross.org.vn\/wp-content\/uploads\/2023\/10\/tong-video-bi-thu-nguyen-phu-trong-gap-mat-80-dai-bieu-tieu-bieu-hoi-chu-thap-do-viet-nam-lan-thu-xi.jpg'><img decoding=\"async\" width=\"300\" height=\"200\" src=\"https:\/\/redcross.org.vn\/wp-content\/uploads\/2023\/10\/tong-video-bi-thu-nguyen-phu-trong-gap-mat-80-dai-bieu-tieu-bieu-hoi-chu-thap-do-viet-nam-lan-thu-xi-300x200.jpg\" class=\"attachment-medium size-medium\" alt=\"\" \/><\/a><\/p>\n<p>T\u1ed5ng B\u00ed th\u01b0 Nguy\u1ec5n Ph\u00fa Tr\u1ecdng g\u1eb7p m\u1eb7t \u0111\u1ea1i bi\u1ec3u d\u1ef1 \u0110\u1ea1i h\u1ed9i H\u1ed9i Ch\u1eef th\u1eadp \u0111\u1ecf Vi\u1ec7t Nam l\u1ea7n th\u1ee9 XI<\/p>\n"},"caption":{"rendered":"<p>T\u1ed5ng B\u00ed th\u01b0 Nguy\u1ec5n Ph\u00fa Tr\u1ecdng g\u1eb7p m\u1eb7t \u0111\u1ea1i bi\u1ec3u d\u1ef1 \u0110\u1ea1i h\u1ed9i H\u1ed9i Ch\u1eef th\u1eadp \u0111\u1ecf Vi\u1ec7t Nam l\u1ea7n th\u1ee9 XI<\/p>\n"},"alt_text":"","media_type":"image","mime_type":"image\/jpeg","media_details":{"width":650,"height":433,"file":"2023\/10\/tong-video-bi-thu-nguyen-phu-trong-gap-mat-80-dai-bieu-tieu-bieu-hoi-chu-thap-do-viet-nam-lan-thu-xi.jpg","filesize":149078,"sizes":{"medium":{"file":"tong-video-bi-thu-nguyen-phu-trong-gap-mat-80-dai-bieu-tieu-bieu-hoi-chu-thap-do-viet-nam-lan-thu-xi-300x200.jpg","width":300,"height":200,"filesize":18419,"mime_type":"image\/jpeg","source_url":"https:\/\/redcross.org.vn\/wp-content\/uploads\/2023\/10\/tong-video-bi-thu-nguyen-phu-trong-gap-mat-80-dai-bieu-tieu-bieu-hoi-chu-thap-do-viet-nam-lan-thu-xi-300x200.jpg"},"thumbnail":{"file":"tong-video-bi-thu-nguyen-phu-trong-gap-mat-80-dai-bieu-tieu-bieu-hoi-chu-thap-do-viet-nam-lan-thu-xi-150x150.jpg","width":150,"height":150,"filesize":8451,"mime_type":"image\/jpeg","source_url":"https:\/\/redcross.org.vn\/wp-content\/uploads\/2023\/10\/tong-video-bi-thu-nguyen-phu-trong-gap-mat-80-dai-bieu-tieu-bieu-hoi-chu-thap-do-viet-nam-lan-thu-xi-150x150.jpg"},"full":{"file":"tong-video-bi-thu-nguyen-phu-trong-gap-mat-80-dai-bieu-tieu-bieu-hoi-chu-thap-do-viet-nam-lan-thu-xi.jpg","width":650,"height":433,"mime_type":"image\/jpeg","source_url":"https:\/\/redcross.org.vn\/wp-content\/uploads\/2023\/10\/tong-video-bi-thu-nguyen-phu-trong-gap-mat-80-dai-bieu-tieu-bieu-hoi-chu-thap-do-viet-nam-lan-thu-xi.jpg"}},"image_meta":{"aperture":"5.6","credit":"L\u00ea Tr\u00ed D\u0169ng","camera":"Canon EOS-1D X Mark III","caption":"T\u1ed5ng B\u00ed th\u01b0 Nguy\u1ec5n Ph\u00fa Tr\u1ecdng g\u1eb7p m\u1eb7t \u0111\u1ea1i bi\u1ec3u d\u1ef1 \u0110\u1ea1i h\u1ed9i H\u1ed9i Ch\u1eef th\u1eadp \u0111\u1ecf Vi\u1ec7t Nam l\u1ea7n th\u1ee9 XI","created_timestamp":"1661767396","copyright":"","focal_length":"16","iso":"2500","shutter_speed":"0.01","title":"","orientation":"1","keywords":[]}},"post":null,"source_url":"https:\/\/redcross.org.vn\/wp-content\/uploads\/2023\/10\/tong-video-bi-thu-nguyen-phu-trong-gap-mat-80-dai-bieu-tieu-bieu-hoi-chu-thap-do-viet-nam-lan-thu-xi.jpg","_links":{"self":[{"href":"https:\/\/redcross.org.vn\/en\/wp-json\/wp\/v2\/media\/17362"}],"collection":[{"href":"https:\/\/redcross.org.vn\/en\/wp-json\/wp\/v2\/media"}],"about":[{"href":"https:\/\/redcross.org.vn\/en\/wp-json\/wp\/v2\/types\/attachment"}],"author":[{"embeddable":true,"href":"https:\/\/redcross.org.vn\/en\/wp-json\/wp\/v2\/users\/1"}],"replies":[{"embeddable":true,"href":"https:\/\/redcross.org.vn\/en\/wp-json\/wp\/v2\/comments?post=17362"}]}}

<p class="attachment"><a href='https://redcross.org.vn/wp-content/uploads/2023/10/tong-video-bi-thu-nguyen-phu-trong-gap-mat-80-dai-bieu-tieu-bieu-hoi-chu-thap-do-viet-nam-lan-thu-xi.jpg'><img decoding="async" width="300" height="200" src="https://redcross.org.vn/wp-content/uploads/2023/10/tong-video-bi-thu-nguyen-phu-trong-gap-mat-80-dai-bieu-tieu-bieu-hoi-chu-thap-do-viet-nam-lan-thu-xi-300x200.jpg" class="attachment-medium size-medium" alt="" /></a></p>
<p>Tổng Bí thư Nguyễn Phú Trọng gặp mặt đại biểu dự Đại hội Hội Chữ thập đỏ Việt Nam lần thứ XI</p>

<p>Tổng Bí thư Nguyễn Phú Trọng gặp mặt đại biểu dự Đại hội Hội Chữ thập đỏ Việt Nam lần thứ XI</p>

Lê Trí Dũng

Tổng Bí thư Nguyễn Phú Trọng gặp mặt đại biểu dự Đại hội Hội Chữ thập đỏ Việt Nam lần thứ XI
